CRAN Package Check Results for Package skynet

Last updated on 2024-06-20 16:49:35 CEST.

Flavor Version Tinstall Tcheck Ttotal Status Flags
r-devel-linux-x86_64-debian-clang 1.4.3 10.23 106.46 116.69 OK
r-devel-linux-x86_64-debian-gcc 1.4.3 9.25 83.16 92.41 OK
r-devel-linux-x86_64-fedora-clang 1.4.3 157.63 NOTE
r-devel-linux-x86_64-fedora-gcc 1.4.3 160.87 NOTE
r-devel-windows-x86_64 1.4.3 14.00 103.00 117.00 OK
r-patched-linux-x86_64 1.4.3 10.26 111.64 121.90 OK
r-release-linux-x86_64 1.4.3 7.38 93.79 101.17 OK
r-release-macos-arm64 1.4.3 47.00 OK
r-release-macos-x86_64 1.4.3 78.00 OK
r-release-windows-x86_64 1.4.3 15.00 104.00 119.00 OK
r-oldrel-macos-arm64 1.4.3 51.00 OK
r-oldrel-macos-x86_64 1.4.3 81.00 OK
r-oldrel-windows-x86_64 1.4.3 15.00 126.00 141.00 OK

Check Details

Version: 1.4.3
Check: dependencies in R code
Result: NOTE Namespace in Imports field not imported from: ‘maps’ All declared Imports should be used. Flavors: r-devel-linux-x86_64-fedora-clang, r-devel-linux-x86_64-fedora-gcc