Last updated on 2024-04-19 16:58:58 CEST.
Flavor | Version | Tinstall | Tcheck | Ttotal | Status | Flags |
---|---|---|---|---|---|---|
r-devel-linux-x86_64-debian-clang | 1.0.3 | 139.48 | 66.52 | 206.00 | OK | |
r-devel-linux-x86_64-debian-gcc | 1.0.3 | OK | ||||
r-devel-linux-x86_64-fedora-clang | 1.0.3 | 311.91 | OK | |||
r-devel-linux-x86_64-fedora-gcc | 1.0.3 | 356.34 | OK | |||
r-prerel-macos-arm64 | 1.0.3 | 70.00 | NOTE | |||
r-prerel-windows-x86_64 | 1.0.3 | 98.00 | 106.00 | 204.00 | OK | |
r-patched-linux-x86_64 | 1.0.3 | 143.67 | 104.13 | 247.80 | OK | |
r-release-linux-x86_64 | 1.0.3 | 148.00 | 126.60 | 274.60 | OK | |
r-release-macos-arm64 | 1.0.3 | 66.00 | NOTE | |||
r-release-macos-x86_64 | 1.0.3 | 132.00 | NOTE | |||
r-release-windows-x86_64 | 1.0.3 | 122.00 | 121.00 | 243.00 | OK | |
r-oldrel-macos-arm64 | 1.0.3 | 67.00 | NOTE | |||
r-oldrel-windows-x86_64 | 1.0.3 | 119.00 | 111.00 | 230.00 | OK |
Version: 1.0.3
Check: installed package size
Result: NOTE
installed size is 31.6Mb
sub-directories of 1Mb or more:
libs 31.2Mb
Flavors: r-prerel-macos-arm64, r-release-macos-arm64, r-release-macos-x86_64, r-oldrel-macos-arm64