Last updated on 2024-03-28 23:55:20 CET.
Flavor | Version | Tinstall | Tcheck | Ttotal | Status | Flags |
---|---|---|---|---|---|---|
r-devel-linux-x86_64-debian-clang | 0.1.1 | 2.71 | 60.29 | 63.00 | NOTE | |
r-devel-linux-x86_64-debian-gcc | 0.1.1 | 2.15 | 44.20 | 46.35 | NOTE | |
r-devel-linux-x86_64-fedora-clang | 0.1.1 | 79.88 | NOTE | |||
r-devel-linux-x86_64-fedora-gcc | 0.1.1 | 87.25 | NOTE | |||
r-devel-windows-x86_64 | 0.1.1 | 4.00 | 91.00 | 95.00 | NOTE | |
r-patched-linux-x86_64 | 0.1.1 | 3.21 | 54.89 | 58.10 | NOTE | |
r-release-linux-x86_64 | 0.1.1 | 2.70 | 53.20 | 55.90 | OK | |
r-release-macos-arm64 | 0.1.1 | 36.00 | OK | |||
r-release-macos-x86_64 | 0.1.1 | 49.00 | OK | |||
r-release-windows-x86_64 | 0.1.1 | 4.00 | 89.00 | 93.00 | OK | |
r-oldrel-macos-arm64 | 0.1.1 | 29.00 | OK | |||
r-oldrel-windows-x86_64 | 0.1.1 | 4.00 | 95.00 | 99.00 | OK |
Version: 0.1.1
Check: Rd files
Result: NOTE
checkRd: (-1) fit_slim.Rd:24: Lost braces; missing escapes or markup?
24 | sum(x' V^{-1} (y - x beta)) = 0 as the covariance V tends from V[, , 1] +
| ^
Flavors: r-devel-linux-x86_64-debian-clang, r-devel-linux-x86_64-debian-gcc, r-devel-linux-x86_64-fedora-clang, r-devel-linux-x86_64-fedora-gcc, r-devel-windows-x86_64, r-patched-linux-x86_64