Last updated on 2024-04-19 01:04:55 CEST.
Flavor | Version | Tinstall | Tcheck | Ttotal | Status | Flags |
---|---|---|---|---|---|---|
r-devel-linux-x86_64-debian-clang | 1.0.1 | 39.04 | 28.67 | 67.71 | NOTE | |
r-devel-linux-x86_64-debian-gcc | 1.0.1 | 30.42 | 21.94 | 52.36 | NOTE | |
r-devel-linux-x86_64-fedora-clang | 1.0.1 | 108.45 | NOTE | |||
r-devel-linux-x86_64-fedora-gcc | 1.0.1 | 95.72 | NOTE | |||
r-prerel-macos-arm64 | 1.0.1 | 26.00 | NOTE | |||
r-prerel-windows-x86_64 | 1.0.1 | 32.00 | 61.00 | 93.00 | NOTE | |
r-patched-linux-x86_64 | 1.0.1 | 38.12 | 26.21 | 64.33 | NOTE | |
r-release-linux-x86_64 | 1.0.1 | 38.68 | 27.04 | 65.72 | NOTE | |
r-release-macos-arm64 | 1.0.1 | 28.00 | NOTE | |||
r-release-macos-x86_64 | 1.0.1 | 45.00 | NOTE | |||
r-release-windows-x86_64 | 1.0.1 | 36.00 | 68.00 | 104.00 | NOTE | |
r-oldrel-macos-arm64 | 1.0.1 | 30.00 | NOTE | |||
r-oldrel-windows-x86_64 | 1.0.1 | 37.00 | 67.00 | 104.00 | NOTE |
Version: 1.0.1
Check: LazyData
Result: NOTE
'LazyData' is specified without a 'data' directory
Flavors: r-devel-linux-x86_64-debian-clang, r-devel-linux-x86_64-debian-gcc, r-devel-linux-x86_64-fedora-clang, r-devel-linux-x86_64-fedora-gcc, r-prerel-macos-arm64, r-prerel-windows-x86_64, r-patched-linux-x86_64, r-release-linux-x86_64, r-release-macos-arm64, r-release-macos-x86_64, r-release-windows-x86_64, r-oldrel-macos-arm64, r-oldrel-windows-x86_64