CRAN Package Check Results for Package smacof

Last updated on 2021-12-05 08:51:11 CET.

Flavor Version Tinstall Tcheck Ttotal Status Flags
r-devel-linux-x86_64-debian-clang 2.1-3 22.99 347.44 370.43 OK
r-devel-linux-x86_64-debian-gcc 2.1-3 16.10 247.15 263.25 OK
r-devel-linux-x86_64-fedora-clang 2.1-3 432.45 NOTE
r-devel-linux-x86_64-fedora-gcc 2.1-3 416.96 NOTE
r-devel-windows-x86_64-new-UL 2.1-3 51.00 413.00 464.00 OK
r-devel-windows-x86_64-new-TK 2.1-3 NOTE
r-devel-windows-x86_64-old 2.1-3 29.00 288.00 317.00 OK
r-patched-linux-x86_64 2.1-3 26.87 314.22 341.09 OK
r-release-linux-x86_64 2.1-3 21.02 321.64 342.66 OK
r-release-macos-arm64 2.1-3 NOTE
r-release-macos-x86_64 2.1-3 NOTE
r-release-windows-ix86+x86_64 2.1-3 52.00 457.00 509.00 OK
r-oldrel-macos-x86_64 2.1-3 NOTE
r-oldrel-windows-ix86+x86_64 2.1-3 51.00 472.00 523.00 OK

Check Details

Version: 2.1-3
Check: data for non-ASCII characters
Result: NOTE
     Note: found 15 marked Latin-1 strings
     Note: found 2 marked UTF-8 strings
Flavors: r-devel-linux-x86_64-fedora-clang, r-devel-linux-x86_64-fedora-gcc, r-devel-windows-x86_64-new-TK, r-release-macos-arm64, r-release-macos-x86_64, r-oldrel-macos-x86_64