Last updated on 2024-04-19 16:58:58 CEST.
Flavor | Version | Tinstall | Tcheck | Ttotal | Status | Flags |
---|---|---|---|---|---|---|
r-devel-linux-x86_64-debian-clang | 2.6 | 3.95 | 106.78 | 110.73 | NOTE | |
r-devel-linux-x86_64-debian-gcc | 2.6 | NOTE | ||||
r-devel-linux-x86_64-fedora-clang | 2.6 | 145.53 | NOTE | |||
r-devel-linux-x86_64-fedora-gcc | 2.6 | 146.41 | NOTE | |||
r-prerel-macos-arm64 | 2.6 | 56.00 | OK | |||
r-prerel-windows-x86_64 | 2.6 | 6.00 | 123.00 | 129.00 | NOTE | |
r-patched-linux-x86_64 | 2.6 | 8.41 | 105.39 | 113.80 | NOTE | |
r-release-linux-x86_64 | 2.6 | 4.81 | 105.25 | 110.06 | OK | |
r-release-macos-arm64 | 2.6 | 53.00 | OK | |||
r-release-macos-x86_64 | 2.6 | 174.00 | OK | |||
r-release-windows-x86_64 | 2.6 | 7.00 | 129.00 | 136.00 | OK | |
r-oldrel-macos-arm64 | 2.6 | 49.00 | OK | |||
r-oldrel-windows-x86_64 | 2.6 | 7.00 | 131.00 | 138.00 | OK |
Version: 2.6
Check: HTML version of manual
Result: NOTE
Found the following HTML validation problems:
print.spscan.html:49:1 (print.spscan.Rd:15): Warning: trimming empty <dt>
summary.spscan.html:48:1 (summary.spscan.Rd:15): Warning: trimming empty <dt>
Flavors: r-devel-linux-x86_64-debian-clang, r-devel-linux-x86_64-debian-gcc, r-devel-linux-x86_64-fedora-clang, r-devel-linux-x86_64-fedora-gcc, r-prerel-windows-x86_64, r-patched-linux-x86_64