Last updated on 2024-03-28 15:50:01 CET.
Flavor | Version | Tinstall | Tcheck | Ttotal | Status | Flags |
---|---|---|---|---|---|---|
r-devel-linux-x86_64-debian-clang | 2.0.0 | 7.87 | 165.44 | 173.31 | NOTE | |
r-devel-linux-x86_64-debian-gcc | 2.0.0 | 7.36 | 124.17 | 131.53 | NOTE | |
r-devel-linux-x86_64-fedora-clang | 2.0.0 | 220.97 | NOTE | |||
r-devel-linux-x86_64-fedora-gcc | 2.0.0 | 234.42 | NOTE | |||
r-devel-windows-x86_64 | 2.0.0 | 10.00 | 131.00 | 141.00 | NOTE | |
r-patched-linux-x86_64 | 2.0.0 | 7.12 | 164.65 | 171.77 | NOTE | |
r-release-linux-x86_64 | 2.0.0 | 6.54 | 162.70 | 169.24 | NOTE | |
r-release-macos-arm64 | 2.0.0 | 76.00 | NOTE | |||
r-release-macos-x86_64 | 2.0.0 | 152.00 | NOTE | |||
r-release-windows-x86_64 | 2.0.0 | 14.00 | 164.00 | 178.00 | NOTE | |
r-oldrel-macos-arm64 | 2.0.0 | 68.00 | NOTE | |||
r-oldrel-windows-x86_64 | 2.0.0 | 14.00 | 170.00 | 184.00 | NOTE |
Version: 2.0.0
Check: package dependencies
Result: NOTE
Package suggested but not available for checking: ‘gurobi’
Flavors: r-devel-linux-x86_64-debian-clang, r-devel-linux-x86_64-debian-gcc, r-devel-linux-x86_64-fedora-clang, r-devel-linux-x86_64-fedora-gcc, r-devel-windows-x86_64, r-patched-linux-x86_64, r-release-linux-x86_64, r-release-macos-arm64, r-release-macos-x86_64, r-release-windows-x86_64, r-oldrel-macos-arm64, r-oldrel-windows-x86_64