Last updated on 2023-05-28 23:14:11 CEST.
Flavor | Version | Tinstall | Tcheck | Ttotal | Status | Flags |
---|---|---|---|---|---|---|
r-devel-linux-x86_64-debian-clang | 1.0.3 | 2.33 | 178.50 | 180.83 | NOTE | |
r-devel-linux-x86_64-debian-gcc | 1.0.3 | 1.84 | 108.90 | 110.74 | NOTE | |
r-devel-linux-x86_64-fedora-clang | 1.0.3 | 193.35 | NOTE | |||
r-devel-linux-x86_64-fedora-gcc | 1.0.3 | 212.98 | NOTE | |||
r-devel-windows-x86_64 | 1.0.3 | 5.00 | 113.00 | 118.00 | NOTE | |
r-patched-linux-x86_64 | 1.0.3 | 2.07 | 154.30 | 156.37 | NOTE | |
r-release-linux-x86_64 | 1.0.3 | 1.58 | 157.67 | 159.25 | NOTE | |
r-release-macos-arm64 | 1.0.3 | 60.00 | NOTE | |||
r-release-macos-x86_64 | 1.0.3 | 98.00 | NOTE | |||
r-release-windows-x86_64 | 1.0.3 | 3.00 | 137.00 | 140.00 | NOTE | |
r-oldrel-macos-arm64 | 1.0.3 | 47.00 | NOTE | |||
r-oldrel-macos-x86_64 | 1.0.3 | 58.00 | NOTE | |||
r-oldrel-windows-x86_64 | 1.0.3 | 4.00 | 137.00 | 141.00 | NOTE |
Version: 1.0.3
Check: LazyData
Result: NOTE
'LazyData' is specified without a 'data' directory
Flavors: r-devel-linux-x86_64-debian-clang, r-devel-linux-x86_64-debian-gcc, r-devel-linux-x86_64-fedora-clang, r-devel-linux-x86_64-fedora-gcc, r-devel-windows-x86_64, r-patched-linux-x86_64, r-release-linux-x86_64, r-release-macos-arm64, r-release-macos-x86_64, r-release-windows-x86_64, r-oldrel-macos-arm64, r-oldrel-macos-x86_64, r-oldrel-windows-x86_64