Last updated on 2023-12-03 08:50:23 CET.
Flavor | Version | Tinstall | Tcheck | Ttotal | Status | Flags |
---|---|---|---|---|---|---|
r-devel-linux-x86_64-debian-clang | 1.0.3 | 51.54 | 102.23 | 153.77 | NOTE | |
r-devel-linux-x86_64-debian-gcc | 1.0.3 | 43.42 | 74.75 | 118.17 | NOTE | |
r-devel-linux-x86_64-fedora-clang | 1.0.3 | 213.24 | NOTE | |||
r-devel-linux-x86_64-fedora-gcc | 1.0.3 | 220.09 | NOTE | |||
r-devel-windows-x86_64 | 1.0.3 | 44.00 | 115.00 | 159.00 | NOTE | |
r-patched-linux-x86_64 | 1.0.3 | 52.04 | 99.93 | 151.97 | NOTE | |
r-release-linux-x86_64 | 1.0.3 | 46.72 | 99.90 | 146.62 | NOTE | |
r-release-macos-arm64 | 1.0.3 | 60.00 | NOTE | |||
r-release-macos-x86_64 | 1.0.3 | 100.00 | NOTE | |||
r-release-windows-x86_64 | 1.0.3 | 58.00 | 135.00 | 193.00 | NOTE | |
r-oldrel-macos-arm64 | 1.0.3 | 49.00 | NOTE | |||
r-oldrel-macos-x86_64 | 1.0.3 | 67.00 | NOTE | |||
r-oldrel-windows-x86_64 | 1.0.3 | 53.00 | 127.00 | 180.00 | OK |
Version: 1.0.3
Check: C++ specification
Result: NOTE
Specified C++11: please drop specification unless essential
Flavors: r-devel-linux-x86_64-debian-clang, r-devel-linux-x86_64-debian-gcc, r-devel-linux-x86_64-fedora-clang, r-devel-linux-x86_64-fedora-gcc, r-devel-windows-x86_64, r-patched-linux-x86_64, r-release-linux-x86_64, r-release-macos-arm64, r-release-macos-x86_64, r-release-windows-x86_64
Version: 1.0.3
Check: Rd files
Result: NOTE
checkRd: (-1) getKernel.Rd:25-26: Lost braces in \itemize; \value handles \item{}{} directly
checkRd: (-1) getKernel.Rd:27-28: Lost braces in \itemize; \value handles \item{}{} directly
Flavors: r-devel-linux-x86_64-debian-clang, r-devel-linux-x86_64-debian-gcc
Version: 1.0.3
Check: installed package size
Result: NOTE
installed size is 5.2Mb
sub-directories of 1Mb or more:
libs 4.4Mb
Flavors: r-release-macos-arm64, r-release-macos-x86_64, r-oldrel-macos-arm64, r-oldrel-macos-x86_64