Last updated on 2024-03-28 15:50:01 CET.
Flavor | Version | Tinstall | Tcheck | Ttotal | Status | Flags |
---|---|---|---|---|---|---|
r-devel-linux-x86_64-debian-clang | 1.6.0.3 | 99.71 | 111.16 | 210.87 | NOTE | |
r-devel-linux-x86_64-debian-gcc | 1.6.0.3 | 85.09 | 84.32 | 169.41 | NOTE | |
r-devel-linux-x86_64-fedora-clang | 1.6.0.3 | 314.95 | NOTE | |||
r-devel-linux-x86_64-fedora-gcc | 1.6.0.3 | 305.61 | NOTE | |||
r-devel-windows-x86_64 | 1.6.0.3 | 92.00 | 135.00 | 227.00 | NOTE | |
r-patched-linux-x86_64 | 1.6.0.3 | 106.05 | 112.04 | 218.09 | NOTE | |
r-release-linux-x86_64 | 1.6.0.3 | 106.70 | 112.37 | 219.07 | OK | |
r-release-macos-arm64 | 1.6.0.3 | 74.00 | OK | |||
r-release-macos-x86_64 | 1.6.0.3 | 126.00 | OK | |||
r-release-windows-x86_64 | 1.6.0.3 | 111.00 | 162.00 | 273.00 | OK | |
r-oldrel-macos-arm64 | 1.6.0.3 | 68.00 | OK | |||
r-oldrel-windows-x86_64 | 1.6.0.3 | 110.00 | 129.00 | 239.00 | OK |
Version: 1.6.0.3
Check: Rd files
Result: NOTE
checkRd: (-1) getGlobalOptimum.Rd:16: Lost braces in \itemize; \value handles \item{}{} directly
checkRd: (-1) getGlobalOptimum.Rd:17: Lost braces in \itemize; \value handles \item{}{} directly
checkRd: (-1) getGlobalOptimum.Rd:18: Lost braces in \itemize; \value handles \item{}{} directly
checkRd: (-1) getLocalOptimum.Rd:16: Lost braces in \itemize; \value handles \item{}{} directly
checkRd: (-1) getLocalOptimum.Rd:17: Lost braces in \itemize; \value handles \item{}{} directly
checkRd: (-1) getLocalOptimum.Rd:18: Lost braces in \itemize; \value handles \item{}{} directly
checkRd: (-1) smoof_function.Rd:10: Lost braces
10 | or code{smoof_multi_objective_function}. Both single- and multi-objective functions share the following attributes.
| ^
Flavors: r-devel-linux-x86_64-debian-clang, r-devel-linux-x86_64-debian-gcc, r-devel-linux-x86_64-fedora-clang, r-devel-linux-x86_64-fedora-gcc, r-devel-windows-x86_64, r-patched-linux-x86_64