Last updated on 2023-10-04 00:58:38 CEST.
Flavor | Version | Tinstall | Tcheck | Ttotal | Status | Flags |
---|---|---|---|---|---|---|
r-devel-linux-x86_64-debian-clang | 4.0.0 | 215.52 | 563.06 | 778.58 | OK | |
r-devel-linux-x86_64-debian-gcc | 4.0.0 | 165.95 | 409.51 | 575.46 | OK | |
r-devel-linux-x86_64-fedora-clang | 4.0.0 | 1039.34 | NOTE | |||
r-devel-linux-x86_64-fedora-gcc | 4.0.0 | 1039.49 | OK | |||
r-devel-windows-x86_64 | 4.0.0 | 161.00 | 194.00 | 355.00 | NOTE | --no-vignettes |
r-patched-linux-x86_64 | 4.0.0 | 156.61 | 542.12 | 698.73 | OK | |
r-release-linux-x86_64 | 4.0.0 | 183.52 | 541.35 | 724.87 | OK | |
r-release-macos-arm64 | 4.0.0 | 263.00 | NOTE | |||
r-release-macos-x86_64 | 4.0.0 | 579.00 | NOTE | |||
r-release-windows-x86_64 | 4.0.0 | 215.00 | 234.00 | 449.00 | NOTE | --no-vignettes |
r-oldrel-macos-arm64 | 4.0.0 | 242.00 | NOTE | |||
r-oldrel-macos-x86_64 | 4.0.0 | 308.00 | NOTE | |||
r-oldrel-windows-x86_64 | 4.0.0 | 209.00 | 191.00 | 400.00 | NOTE | --no-vignettes |
Version: 4.0.0
Check: installed package size
Result: NOTE
installed size is 5.9Mb
sub-directories of 1Mb or more:
R 1.2Mb
doc 3.3Mb
Flavors: r-devel-linux-x86_64-fedora-clang, r-release-macos-arm64, r-release-macos-x86_64, r-oldrel-macos-arm64, r-oldrel-macos-x86_64
Version: 4.0.0
Flags: --no-vignettes
Check: package dependencies
Result: NOTE
Package suggested but not available for checking: 'doMC'
Flavors: r-devel-windows-x86_64, r-release-windows-x86_64, r-oldrel-windows-x86_64
Version: 4.0.0
Flags: --no-vignettes
Check: installed package size
Result: NOTE
installed size is 6.6Mb
sub-directories of 1Mb or more:
R 1.3Mb
doc 3.3Mb
libs 1.7Mb
Flavors: r-devel-windows-x86_64, r-release-windows-x86_64, r-oldrel-windows-x86_64