Last updated on 2024-03-28 23:55:20 CET.
Flavor | Version | Tinstall | Tcheck | Ttotal | Status | Flags |
---|---|---|---|---|---|---|
r-devel-linux-x86_64-debian-clang | 2.1.1 | 23.55 | 173.23 | 196.78 | NOTE | |
r-devel-linux-x86_64-debian-gcc | 2.1.1 | 16.46 | 123.04 | 139.50 | NOTE | |
r-devel-linux-x86_64-fedora-clang | 2.1.1 | 228.87 | NOTE | |||
r-devel-linux-x86_64-fedora-gcc | 2.1.1 | 235.77 | NOTE | |||
r-devel-windows-x86_64 | 2.1.1 | 18.00 | 140.00 | 158.00 | NOTE | |
r-patched-linux-x86_64 | 2.1.1 | 26.53 | 166.86 | 193.39 | NOTE | |
r-release-linux-x86_64 | 2.1.1 | 19.84 | 158.26 | 178.10 | OK | |
r-release-macos-arm64 | 2.1.1 | 59.00 | OK | |||
r-release-macos-x86_64 | 2.1.1 | 108.00 | OK | |||
r-release-windows-x86_64 | 2.1.1 | 24.00 | 170.00 | 194.00 | OK | |
r-oldrel-macos-arm64 | 2.1.1 | 52.00 | OK | |||
r-oldrel-windows-x86_64 | 2.1.1 | 25.00 | 166.00 | 191.00 | OK |
Version: 2.1.1
Check: Rd files
Result: NOTE
checkRd: (-1) plot.selm.Rd:101: Lost braces
101 | data. Default value for code{which} is \code{2:4} if \code{p>1}, otherwise
| ^
Flavors: r-devel-linux-x86_64-debian-clang, r-devel-linux-x86_64-debian-gcc, r-devel-linux-x86_64-fedora-clang, r-devel-linux-x86_64-fedora-gcc, r-devel-windows-x86_64, r-patched-linux-x86_64