CRAN Package Check Results for Package snow

Last updated on 2023-10-03 01:05:05 CEST.

Flavor Version Tinstall Tcheck Ttotal Status Flags
r-devel-linux-x86_64-debian-clang 0.4-4 2.91 26.18 29.09 OK
r-devel-linux-x86_64-debian-gcc 0.4-4 1.81 20.48 22.29 OK
r-devel-linux-x86_64-fedora-clang 0.4-4 36.52 OK
r-devel-linux-x86_64-fedora-gcc 0.4-4 37.54 OK
r-devel-windows-x86_64 0.4-4 4.00 43.00 47.00 OK
r-patched-linux-x86_64 0.4-4 3.38 26.14 29.52 OK
r-release-linux-x86_64 0.4-4 2.86 26.05 28.91 OK
r-release-macos-arm64 0.4-4 16.00 NOTE
r-release-macos-x86_64 0.4-4 22.00 NOTE
r-release-windows-x86_64 0.4-4 3.00 48.00 51.00 OK
r-oldrel-macos-arm64 0.4-4 15.00 NOTE
r-oldrel-macos-x86_64 0.4-4 23.00 NOTE
r-oldrel-windows-x86_64 0.4-4 18.00 55.00 73.00 OK

Check Details

Version: 0.4-4
Check: package dependencies
Result: NOTE
    Package which this enhances but not available for checking: ‘Rmpi’
Flavors: r-release-macos-arm64, r-release-macos-x86_64, r-oldrel-macos-arm64, r-oldrel-macos-x86_64