CRAN Package Check Results for Package sobir

Last updated on 2021-10-23 00:49:09 CEST.

Flavor Version Tinstall Tcheck Ttotal Status Flags
r-devel-linux-x86_64-debian-clang 0.1.2 12.03 243.40 255.43 OK
r-devel-linux-x86_64-debian-gcc 0.1.2 8.08 167.55 175.63 OK
r-devel-linux-x86_64-fedora-clang 0.1.2 306.98 NOTE
r-devel-linux-x86_64-fedora-gcc 0.1.2 282.02 NOTE
r-devel-windows-x86_64 0.1.2 18.00 283.00 301.00 OK
r-devel-windows-x86_64-gcc10-UCRT 0.1.2 NOTE
r-patched-linux-x86_64 0.1.2 11.56 224.37 235.93 OK
r-patched-solaris-x86 0.1.2 203.10 NOTE
r-release-linux-x86_64 0.1.2 10.59 227.99 238.58 OK
r-release-macos-arm64 0.1.2 NOTE
r-release-macos-x86_64 0.1.2 NOTE
r-release-windows-ix86+x86_64 0.1.2 18.00 244.00 262.00 OK
r-oldrel-macos-x86_64 0.1.2 NOTE
r-oldrel-windows-ix86+x86_64 0.1.2 26.00 277.00 303.00 OK

Check Details

Version: 0.1.2
Check: dependencies in R code
Result: NOTE
    Namespaces in Imports field not imported from:
     ‘devtools’ ‘raster’ ‘rlang’ ‘sp’ ‘usethis’
     All declared Imports should be used.
Flavors: r-devel-linux-x86_64-fedora-clang, r-devel-linux-x86_64-fedora-gcc, r-devel-windows-x86_64-gcc10-UCRT, r-patched-solaris-x86, r-release-macos-arm64, r-release-macos-x86_64, r-oldrel-macos-x86_64