Last updated on 2024-04-19 01:04:56 CEST.
Flavor | Version | Tinstall | Tcheck | Ttotal | Status | Flags |
---|---|---|---|---|---|---|
r-devel-linux-x86_64-debian-clang | 0.4.0 | 3.63 | 45.35 | 48.98 | NOTE | |
r-devel-linux-x86_64-debian-gcc | 0.4.0 | 3.97 | 33.52 | 37.49 | NOTE | |
r-devel-linux-x86_64-fedora-clang | 0.4.0 | 62.33 | NOTE | |||
r-devel-linux-x86_64-fedora-gcc | 0.4.0 | 74.53 | NOTE | |||
r-prerel-macos-arm64 | 0.4.0 | 31.00 | NOTE | |||
r-prerel-windows-x86_64 | 0.4.0 | 5.00 | 63.00 | 68.00 | NOTE | |
r-patched-linux-x86_64 | 0.4.0 | 6.03 | 42.59 | 48.62 | NOTE | |
r-release-linux-x86_64 | 0.4.0 | 5.22 | 42.32 | 47.54 | OK | |
r-release-macos-arm64 | 0.4.0 | 29.00 | OK | |||
r-release-macos-x86_64 | 0.4.0 | 42.00 | OK | |||
r-release-windows-x86_64 | 0.4.0 | 7.00 | 67.00 | 74.00 | OK | |
r-oldrel-macos-arm64 | 0.4.0 | 25.00 | OK | |||
r-oldrel-windows-x86_64 | 0.4.0 | 7.00 | 71.00 | 78.00 | OK |
Version: 0.4.0
Check: Rd files
Result: NOTE
checkRd: (-1) db_compact.Rd:41: Lost braces; missing escapes or markup?
41 | database structure will be set to true. See GET /{db}. You can also obtain a list of
| ^
Flavors: r-devel-linux-x86_64-debian-clang, r-devel-linux-x86_64-debian-gcc, r-devel-linux-x86_64-fedora-clang, r-devel-linux-x86_64-fedora-gcc, r-prerel-macos-arm64, r-prerel-windows-x86_64, r-patched-linux-x86_64