Last updated on 2024-07-18 08:51:20 CEST.
Flavor | Version | Tinstall | Tcheck | Ttotal | Status | Flags |
---|---|---|---|---|---|---|
r-devel-linux-x86_64-debian-clang | 1.0-20160527 | 2.12 | 32.78 | 34.90 | NOTE | |
r-devel-linux-x86_64-debian-gcc | 1.0-20160527 | 2.29 | 24.10 | 26.39 | NOTE | |
r-devel-linux-x86_64-fedora-clang | 1.0-20160527 | 42.86 | NOTE | |||
r-devel-linux-x86_64-fedora-gcc | 1.0-20160527 | 40.42 | NOTE | |||
r-devel-windows-x86_64 | 1.0-20160527 | 3.00 | 53.00 | 56.00 | NOTE | |
r-patched-linux-x86_64 | 1.0-20160527 | 1.93 | 30.49 | 32.42 | NOTE | |
r-release-linux-x86_64 | 1.0-20160527 | 2.86 | 30.58 | 33.44 | NOTE | |
r-release-macos-arm64 | 1.0-20160527 | 20.00 | NOTE | |||
r-release-macos-x86_64 | 1.0-20160527 | 26.00 | NOTE | |||
r-release-windows-x86_64 | 1.0-20160527 | 4.00 | 54.00 | 58.00 | NOTE | |
r-oldrel-macos-arm64 | 1.0-20160527 | 19.00 | NOTE | |||
r-oldrel-macos-x86_64 | 1.0-20160527 | 25.00 | NOTE | |||
r-oldrel-windows-x86_64 | 1.0-20160527 | 4.00 | 54.00 | 58.00 | NOTE |
Version: 1.0-20160527
Check: LazyData
Result: NOTE
'LazyData' is specified without a 'data' directory
Flavors: r-devel-linux-x86_64-debian-clang, r-devel-linux-x86_64-debian-gcc, r-devel-linux-x86_64-fedora-clang, r-devel-linux-x86_64-fedora-gcc, r-devel-windows-x86_64, r-patched-linux-x86_64, r-release-linux-x86_64, r-release-macos-arm64, r-release-macos-x86_64, r-release-windows-x86_64, r-oldrel-macos-arm64, r-oldrel-macos-x86_64, r-oldrel-windows-x86_64
Version: 1.0-20160527
Check: Rd cross-references
Result: NOTE
Found the following Rd file(s) with Rd \link{} targets missing package
anchors:
dev.Rd: post
postproc.Rd: post
Please provide package anchors for all Rd \link{} targets not in the
package itself and the base packages.
Flavor: r-devel-windows-x86_64