CRAN Package Check Results for Package soilphysics

Last updated on 2021-09-23 20:52:31 CEST.

Flavor Version Tinstall Tcheck Ttotal Status Flags
r-devel-linux-x86_64-debian-clang 4.0 21.23 143.65 164.88 OK
r-devel-linux-x86_64-debian-gcc 4.0 16.56 104.69 121.25 OK
r-devel-linux-x86_64-fedora-clang 4.0 207.76 OK
r-devel-linux-x86_64-fedora-gcc 4.0 194.98 OK
r-devel-windows-x86_64 4.0 21.00 170.00 191.00 OK
r-devel-windows-x86_64-gcc10-UCRT 4.0 OK
r-patched-linux-x86_64 4.0 21.38 135.69 157.07 OK
r-patched-solaris-x86 4.0 252.30 OK
r-release-linux-x86_64 4.0 20.22 133.86 154.08 OK
r-release-macos-arm64 4.0 OK
r-release-macos-x86_64 4.0 ERROR
r-release-windows-ix86+x86_64 4.0 47.00 166.00 213.00 OK
r-oldrel-macos-x86_64 4.0 OK
r-oldrel-windows-ix86+x86_64 4.0 37.00 162.00 199.00 OK

Check Details

Version: 4.0
Check: package dependencies
Result: NOTE
    Package suggested but not available for checking: ‘rpanel’
Flavor: r-release-macos-x86_64

Version: 4.0
Check: examples
Result: ERROR
    Running examples in ‘soilphysics-Ex.R’ failed
    The error most likely occurred in:
    
    > ### Name: fitsoilwater
    > ### Title: Interactive Estimation of van Genuchten's (1980) Model
    > ### Parameters
    > ### Aliases: fitsoilwater
    >
    > ### ** Examples
    >
    > # Liu et al. (2011)
    > h <- c(0.001, 50.65, 293.77, 790.14, 992.74, 5065, 10130, 15195)
    > w <- c(0.5650, 0.4013, 0.2502, 0.2324, 0.2307, 0.1926, 0.1812, 0.1730)
    > fitsoilwater(w, h)
    Error in fitsoilwater(w, h) : package rpanel is required
    Execution halted
Flavor: r-release-macos-x86_64

Version: 4.0
Check: re-building of vignette outputs
Result: WARN
    Error(s) in re-building vignettes:
     ...
    --- re-building ‘vignette.Rmd’ using rmarkdown
    Warning in engine$weave(file, quiet = quiet, encoding = enc) :
     Pandoc (>= 1.12.3) not available. Falling back to R Markdown v1.
    Quitting from lines 136-139 (vignette.Rmd)
    Error: processing vignette 'vignette.Rmd' failed with diagnostics:
    package rpanel is required
    --- failed re-building ‘vignette.Rmd’
    
    SUMMARY: processing the following file failed:
     ‘vignette.Rmd’
    
    Error: Vignette re-building failed.
    Execution halted
Flavor: r-release-macos-x86_64