Last updated on 2024-04-23 16:58:30 CEST.
Flavor | Version | Tinstall | Tcheck | Ttotal | Status | Flags |
---|---|---|---|---|---|---|
r-devel-linux-x86_64-debian-clang | 4.3.4 | 111.70 | 184.13 | 295.83 | OK | --no-vignettes |
r-devel-linux-x86_64-debian-gcc | 4.3.4 | 96.13 | 132.59 | 228.72 | OK | --no-vignettes |
r-devel-linux-x86_64-fedora-clang | 4.3.4 | 578.43 | OK | |||
r-devel-linux-x86_64-fedora-gcc | 4.3.4 | 651.42 | OK | |||
r-prerel-macos-arm64 | 4.3.4 | 186.00 | NOTE | |||
r-prerel-macos-x86_64 | 4.3.4 | 556.00 | NOTE | |||
r-prerel-windows-x86_64 | 4.3.4 | 78.00 | 204.00 | 282.00 | NOTE | --no-vignettes |
r-patched-linux-x86_64 | 4.3.4 | 111.55 | 177.07 | 288.62 | OK | --no-vignettes |
r-release-linux-x86_64 | 4.3.4 | 118.93 | 177.71 | 296.64 | OK | --no-vignettes |
r-release-macos-arm64 | 4.3.4 | 189.00 | NOTE | |||
r-release-macos-x86_64 | 4.3.4 | 506.00 | NOTE | |||
r-release-windows-x86_64 | 4.3.4 | 112.00 | 218.00 | 330.00 | NOTE | --no-vignettes |
r-oldrel-macos-arm64 | 4.3.4 | 188.00 | NOTE | |||
r-oldrel-windows-x86_64 | 4.3.4 | 101.00 | 213.00 | 314.00 | NOTE | --no-vignettes |
Version: 4.3.4
Check: installed package size
Result: NOTE
installed size is 13.4Mb
sub-directories of 1Mb or more:
data 1.3Mb
doc 1.3Mb
libs 9.6Mb
Flavors: r-prerel-macos-arm64, r-prerel-macos-x86_64, r-release-macos-arm64, r-release-macos-x86_64, r-oldrel-macos-arm64
Version: 4.3.4
Flags: --no-vignettes
Check: installed package size
Result: NOTE
installed size is 5.5Mb
sub-directories of 1Mb or more:
data 1.3Mb
doc 1.3Mb
libs 1.7Mb
Flavors: r-prerel-windows-x86_64, r-release-windows-x86_64, r-oldrel-windows-x86_64