Last updated on 2024-04-20 00:56:24 CEST.
Flavor | Version | Tinstall | Tcheck | Ttotal | Status | Flags |
---|---|---|---|---|---|---|
r-devel-linux-x86_64-debian-clang | 1.0.0.1 | 79.65 | 40.47 | 120.12 | OK | |
r-devel-linux-x86_64-debian-gcc | 1.0.0.1 | OK | ||||
r-devel-linux-x86_64-fedora-clang | 1.0.0.1 | 166.39 | OK | |||
r-devel-linux-x86_64-fedora-gcc | 1.0.0.1 | 187.72 | OK | |||
r-prerel-macos-arm64 | 1.0.0.1 | 65.00 | NOTE | |||
r-prerel-windows-x86_64 | 1.0.0.1 | 64.00 | 86.00 | 150.00 | OK | |
r-patched-linux-x86_64 | 1.0.0.1 | 75.17 | 40.05 | 115.22 | OK | |
r-release-linux-x86_64 | 1.0.0.1 | 83.25 | 38.67 | 121.92 | OK | |
r-release-macos-arm64 | 1.0.0.1 | 73.00 | NOTE | |||
r-release-macos-x86_64 | 1.0.0.1 | 165.00 | NOTE | |||
r-release-windows-x86_64 | 1.0.0.1 | 85.00 | 87.00 | 172.00 | OK | |
r-oldrel-macos-arm64 | 1.0.0.1 | 64.00 | NOTE | |||
r-oldrel-windows-x86_64 | 1.0.0.1 | 74.00 | 89.00 | 163.00 | OK |
Version: 1.0.0.1
Check: installed package size
Result: NOTE
installed size is 7.6Mb
sub-directories of 1Mb or more:
libs 7.2Mb
Flavors: r-prerel-macos-arm64, r-release-macos-arm64, r-release-macos-x86_64, r-oldrel-macos-arm64