CRAN Package Check Results for Package soundgen

Last updated on 2021-09-21 04:55:38 CEST.

Flavor Version Tinstall Tcheck Ttotal Status Flags
r-devel-linux-x86_64-debian-clang 2.3.0 18.90 389.87 408.77 OK
r-devel-linux-x86_64-debian-gcc 2.3.0 16.87 269.25 286.12 OK
r-devel-linux-x86_64-fedora-clang 2.3.0 476.90 NOTE
r-devel-linux-x86_64-fedora-gcc 2.3.0 470.08 OK
r-devel-windows-x86_64 2.3.0 22.00 347.00 369.00 NOTE
r-devel-windows-x86_64-gcc10-UCRT 2.3.0 ERROR
r-patched-linux-x86_64 2.3.0 23.02 373.10 396.12 OK
r-patched-solaris-x86 2.3.0 696.80 NOTE
r-release-linux-x86_64 2.3.0 18.06 371.66 389.72 OK
r-release-macos-arm64 2.3.0 NOTE
r-release-macos-x86_64 2.3.0 NOTE
r-release-windows-ix86+x86_64 2.3.0 39.00 348.00 387.00 NOTE
r-oldrel-macos-x86_64 2.3.0 NOTE
r-oldrel-windows-ix86+x86_64 2.3.0 35.00 350.00 385.00 NOTE

Check Details

Version: 2.3.0
Check: installed package size
Result: NOTE
     installed size is 7.3Mb
     sub-directories of 1Mb or more:
     doc 5.0Mb
Flavors: r-devel-linux-x86_64-fedora-clang, r-devel-windows-x86_64, r-patched-solaris-x86, r-release-macos-arm64, r-release-macos-x86_64, r-release-windows-ix86+x86_64, r-oldrel-macos-x86_64, r-oldrel-windows-ix86+x86_64

Version: 2.3.0
Check: whether package can be installed
Result: WARN
    Found the following significant warnings:
     WARNING: installation-time patches will not be applied, could not get the patches index
Flavor: r-devel-windows-x86_64-gcc10-UCRT

Version: 2.3.0
Check: PDF version of manual
Result: WARN
    LaTeX errors when creating PDF version.
    This typically indicates Rd problems.
Flavor: r-devel-windows-x86_64-gcc10-UCRT

Version: 2.3.0
Check: PDF version of manual without hyperrefs or index
Result: ERROR
    Re-running with no redirection of stdout/stderr.
Flavor: r-devel-windows-x86_64-gcc10-UCRT