CRAN Package Check Results for Package sourcetools

Last updated on 2021-09-25 04:57:51 CEST.

Flavor Version Tinstall Tcheck Ttotal Status Flags
r-devel-linux-x86_64-debian-clang 0.1.7 5.11 23.83 28.94 NOTE
r-devel-linux-x86_64-debian-gcc 0.1.7 3.49 18.82 22.31 NOTE
r-devel-linux-x86_64-fedora-clang 0.1.7 47.94 NOTE
r-devel-linux-x86_64-fedora-gcc 0.1.7 35.44 NOTE
r-devel-windows-x86_64 0.1.7 14.00 38.00 52.00 NOTE
r-devel-windows-x86_64-gcc10-UCRT 0.1.7 NOTE
r-patched-linux-x86_64 0.1.7 3.67 23.06 26.73 NOTE
r-patched-solaris-x86 0.1.7 60.30 NOTE
r-release-linux-x86_64 0.1.7 3.69 23.11 26.80 NOTE
r-release-macos-arm64 0.1.7 NOTE
r-release-macos-x86_64 0.1.7 NOTE
r-release-windows-ix86+x86_64 0.1.7 29.00 47.00 76.00 NOTE
r-oldrel-macos-x86_64 0.1.7 OK
r-oldrel-windows-ix86+x86_64 0.1.7 49.00 48.00 97.00 OK

Check Details

Version: 0.1.7
Check: LazyData
Result: NOTE
     'LazyData' is specified without a 'data' directory
Flavors: r-devel-linux-x86_64-debian-clang, r-devel-linux-x86_64-debian-gcc, r-devel-linux-x86_64-fedora-clang, r-devel-linux-x86_64-fedora-gcc, r-devel-windows-x86_64, r-devel-windows-x86_64-gcc10-UCRT, r-patched-linux-x86_64, r-patched-solaris-x86, r-release-linux-x86_64, r-release-macos-arm64, r-release-macos-x86_64, r-release-windows-ix86+x86_64