CRAN Package Check Results for Package spANOVA

Last updated on 2021-09-21 04:55:38 CEST.

Flavor Version Tinstall Tcheck Ttotal Status Flags
r-devel-linux-x86_64-debian-clang 0.99.3 29.05 250.26 279.31 OK
r-devel-linux-x86_64-debian-gcc 0.99.3 24.46 187.87 212.33 OK
r-devel-linux-x86_64-fedora-clang 0.99.3 342.29 OK
r-devel-linux-x86_64-fedora-gcc 0.99.3 328.57 OK
r-devel-windows-x86_64 0.99.3 30.00 185.00 215.00 OK
r-devel-windows-x86_64-gcc10-UCRT 0.99.3 ERROR
r-patched-linux-x86_64 0.99.3 30.06 232.91 262.97 OK
r-patched-solaris-x86 0.99.3 526.10 OK
r-release-linux-x86_64 0.99.3 28.51 234.25 262.76 OK
r-release-macos-arm64 0.99.3 OK
r-release-macos-x86_64 0.99.3 OK
r-release-windows-ix86+x86_64 0.99.3 58.00 189.00 247.00 OK
r-oldrel-macos-x86_64 0.99.3 OK
r-oldrel-windows-ix86+x86_64 0.99.3 56.00 183.00 239.00 OK

Check Details

Version: 0.99.3
Check: whether package can be installed
Result: WARN
    Found the following significant warnings:
     WARNING: installation-time patches will not be applied, could not get the patches index
Flavor: r-devel-windows-x86_64-gcc10-UCRT

Version: 0.99.3
Check: PDF version of manual
Result: WARN
    LaTeX errors when creating PDF version.
    This typically indicates Rd problems.
Flavor: r-devel-windows-x86_64-gcc10-UCRT

Version: 0.99.3
Check: PDF version of manual without hyperrefs or index
Result: ERROR
    Re-running with no redirection of stdout/stderr.
Flavor: r-devel-windows-x86_64-gcc10-UCRT