Last updated on 2023-09-29 00:57:01 CEST.
Flavor | Version | Tinstall | Tcheck | Ttotal | Status | Flags |
---|---|---|---|---|---|---|
r-devel-linux-x86_64-debian-clang | 2.9-1 | 34.57 | 161.52 | 196.09 | OK | |
r-devel-linux-x86_64-debian-gcc | 2.9-1 | 28.07 | 118.40 | 146.47 | WARN | |
r-devel-linux-x86_64-fedora-clang | 2.9-1 | 257.38 | WARN | |||
r-devel-linux-x86_64-fedora-gcc | 2.9-1 | 276.52 | WARN | |||
r-devel-windows-x86_64 | 2.9-1 | 34.00 | 165.00 | 199.00 | WARN | |
r-patched-linux-x86_64 | 2.9-1 | 34.62 | 158.75 | 193.37 | OK | |
r-release-linux-x86_64 | 2.9-1 | 28.20 | 158.67 | 186.87 | OK | |
r-release-macos-arm64 | 2.9-1 | 85.00 | OK | |||
r-release-macos-x86_64 | 2.9-1 | 139.00 | OK | |||
r-release-windows-x86_64 | 2.9-1 | 49.00 | 186.00 | 235.00 | OK | |
r-oldrel-macos-arm64 | 2.9-1 | 86.00 | OK | |||
r-oldrel-macos-x86_64 | 2.9-1 | 97.00 | OK | |||
r-oldrel-windows-x86_64 | 2.9-1 | 45.00 | 179.00 | 224.00 | OK |
Version: 2.9-1
Check: usage of KIND in Fortran files
Result: WARN
Found the following files with non-portable usage of KIND:
dn_ARPACK.f
ds_eigen.f
For details set environment variable _R_CHECK_FORTRAN_KIND_DETAILS_ to
a true value.
Flavors: r-devel-linux-x86_64-debian-gcc, r-devel-linux-x86_64-fedora-clang, r-devel-linux-x86_64-fedora-gcc, r-devel-windows-x86_64