CRAN Package Check Results for Package sparcl

Last updated on 2023-09-26 01:06:35 CEST.

Flavor Version Tinstall Tcheck Ttotal Status Flags
r-devel-linux-x86_64-debian-clang 1.0.4 3.61 35.18 38.79 OK
r-devel-linux-x86_64-debian-gcc 1.0.4 2.72 25.83 28.55 OK
r-devel-linux-x86_64-fedora-clang 1.0.4 49.50 NOTE
r-devel-linux-x86_64-fedora-gcc 1.0.4 47.38 NOTE
r-devel-windows-x86_64 1.0.4 9.00 46.00 55.00 OK
r-patched-linux-x86_64 1.0.4 3.19 33.79 36.98 OK
r-release-linux-x86_64 1.0.4 3.90 34.46 38.36 OK
r-release-macos-arm64 1.0.4 19.00 OK
r-release-macos-x86_64 1.0.4 28.00 OK
r-release-windows-x86_64 1.0.4 6.00 54.00 60.00 OK
r-oldrel-macos-arm64 1.0.4 18.00 OK
r-oldrel-macos-x86_64 1.0.4 26.00 OK
r-oldrel-windows-x86_64 1.0.4 11.00 54.00 65.00 OK

Check Details

Version: 1.0.4
Check: compiled code
Result: NOTE
    File ‘sparcl/libs/sparcl.so’:
     Found no calls to: ‘R_registerRoutines’, ‘R_useDynamicSymbols’
    
    It is good practice to register native routines and to disable symbol
    search.
    
    See ‘Writing portable packages’ in the ‘Writing R Extensions’ manual.
Flavors: r-devel-linux-x86_64-fedora-clang, r-devel-linux-x86_64-fedora-gcc