Last updated on 2023-12-11 00:49:21 CET.
Flavor | Version | Tinstall | Tcheck | Ttotal | Status | Flags |
---|---|---|---|---|---|---|
r-devel-linux-x86_64-debian-clang | 1.0 | 116.89 | 339.33 | 456.22 | OK | |
r-devel-linux-x86_64-debian-gcc | 1.0 | 74.17 | 306.14 | 380.31 | OK | |
r-devel-linux-x86_64-fedora-clang | 1.0 | 604.92 | OK | |||
r-devel-linux-x86_64-fedora-gcc | 1.0 | 617.99 | OK | |||
r-devel-windows-x86_64 | 1.0 | 87.00 | 380.00 | 467.00 | OK | |
r-patched-linux-x86_64 | 1.0 | 93.62 | 347.02 | 440.64 | OK | |
r-release-linux-x86_64 | 1.0 | 89.94 | 345.19 | 435.13 | OK | |
r-release-macos-arm64 | 1.0 | 217.00 | NOTE | |||
r-release-macos-x86_64 | 1.0 | 391.00 | NOTE | |||
r-release-windows-x86_64 | 1.0 | 109.00 | 509.00 | 618.00 | OK | |
r-oldrel-macos-arm64 | 1.0 | 145.00 | NOTE | |||
r-oldrel-macos-x86_64 | 1.0 | 281.00 | OK | |||
r-oldrel-windows-x86_64 | 1.0 | 103.00 | 490.00 | 593.00 | OK |
Version: 1.0
Check: installed package size
Result: NOTE
installed size is 5.2Mb
sub-directories of 1Mb or more:
libs 4.4Mb
Flavors: r-release-macos-arm64, r-release-macos-x86_64, r-oldrel-macos-arm64