CRAN Package Check Results for Package sparseHessianFD

Last updated on 2023-06-08 08:55:35 CEST.

Flavor Version Tinstall Tcheck Ttotal Status Flags
r-devel-linux-x86_64-debian-clang 0.3.3.7 36.62 98.43 135.05 NOTE
r-devel-linux-x86_64-debian-gcc 0.3.3.7 29.42 76.02 105.44 NOTE
r-devel-linux-x86_64-fedora-clang 0.3.3.7 196.53 NOTE
r-devel-linux-x86_64-fedora-gcc 0.3.3.7 188.09 NOTE
r-devel-windows-x86_64 0.3.3.7 33.00 139.00 172.00 NOTE
r-patched-linux-x86_64 0.3.3.7 36.57 94.63 131.20 NOTE
r-release-linux-x86_64 0.3.3.7 32.29 94.13 126.42 NOTE
r-release-macos-arm64 0.3.3.7 66.00 NOTE
r-release-macos-x86_64 0.3.3.7 97.00 NOTE
r-release-windows-x86_64 0.3.3.7 52.00 150.00 202.00 NOTE
r-oldrel-macos-arm64 0.3.3.7 53.00 OK
r-oldrel-macos-x86_64 0.3.3.7 70.00 OK
r-oldrel-windows-x86_64 0.3.3.7 43.00 145.00 188.00 OK

Check Details

Version: 0.3.3.7
Check: C++ specification
Result: NOTE
     Specified C++11: please drop specification unless essential
Flavors: r-devel-linux-x86_64-debian-clang, r-devel-linux-x86_64-debian-gcc, r-devel-linux-x86_64-fedora-clang, r-devel-linux-x86_64-fedora-gcc, r-devel-windows-x86_64, r-patched-linux-x86_64, r-release-linux-x86_64, r-release-macos-arm64, r-release-macos-x86_64, r-release-windows-x86_64