Last updated on 2024-04-26 16:54:59 CEST.
Flavor | Version | Tinstall | Tcheck | Ttotal | Status | Flags |
---|---|---|---|---|---|---|
r-devel-linux-x86_64-debian-clang | 0.1.2 | 6.96 | 66.20 | 73.16 | NOTE | |
r-devel-linux-x86_64-debian-gcc | 0.1.2 | 5.14 | 48.35 | 53.49 | NOTE | |
r-devel-linux-x86_64-fedora-clang | 0.1.2 | 90.00 | NOTE | |||
r-devel-linux-x86_64-fedora-gcc | 0.1.2 | 85.53 | NOTE | |||
r-devel-windows-x86_64 | 0.1.2 | 6.00 | 64.00 | 70.00 | NOTE | |
r-patched-linux-x86_64 | 0.1.2 | 8.29 | 61.32 | 69.61 | NOTE | |
r-release-linux-x86_64 | 0.1.2 | 6.74 | 64.34 | 71.08 | NOTE | |
r-release-macos-arm64 | 0.1.2 | 32.00 | NOTE | |||
r-release-windows-x86_64 | 0.1.2 | 7.00 | 62.00 | 69.00 | NOTE | |
r-oldrel-macos-arm64 | 0.1.2 | 33.00 | NOTE | |||
r-oldrel-macos-x86_64 | 0.1.2 | 48.00 | NOTE | |||
r-oldrel-windows-x86_64 | 0.1.2 | 8.00 | 71.00 | 79.00 | NOTE |
Version: 0.1.2
Check: LazyData
Result: NOTE
'LazyData' is specified without a 'data' directory
Flavors: r-devel-linux-x86_64-debian-clang, r-devel-linux-x86_64-debian-gcc, r-devel-linux-x86_64-fedora-clang, r-devel-linux-x86_64-fedora-gcc, r-devel-windows-x86_64, r-patched-linux-x86_64, r-release-linux-x86_64, r-release-macos-arm64, r-release-windows-x86_64, r-oldrel-macos-arm64, r-oldrel-macos-x86_64, r-oldrel-windows-x86_64