CRAN Package Check Results for Package sparsereg

Last updated on 2024-04-12 01:00:43 CEST.

Flavor Version Tinstall Tcheck Ttotal Status Flags
r-devel-linux-x86_64-debian-clang 1.2 78.47 121.49 199.96 NOTE
r-devel-linux-x86_64-debian-gcc 1.2 63.05 89.87 152.92 NOTE
r-devel-linux-x86_64-fedora-clang 1.2 277.42 NOTE
r-devel-linux-x86_64-fedora-gcc 1.2 264.90 NOTE
r-devel-windows-x86_64 1.2 65.00 116.00 181.00 NOTE
r-patched-linux-x86_64 1.2 80.09 117.67 197.76 NOTE
r-release-linux-x86_64 1.2 79.97 119.79 199.76 OK
r-release-macos-arm64 1.2 73.00 OK
r-release-macos-x86_64 1.2 125.00 OK
r-release-windows-x86_64 1.2 80.00 142.00 222.00 OK
r-oldrel-macos-arm64 1.2 67.00 OK
r-oldrel-windows-x86_64 1.2 78.00 143.00 221.00 OK

Check Details

Version: 1.2
Check: Rd files
Result: NOTE checkRd: (-1) plot.sparsereg.Rd:22-23: Lost braces 22 | \env{main1, main2, main3}{ | ^ checkRd: (-1) plot.sparsereg.Rd:25-27: Lost braces 25 | \env{xlabel}{ | ^ checkRd: (-1) plot.sparsereg.Rd:29-31: Lost braces 29 | \env{plot.one}{ | ^ checkRd: (-1) summary.sparsereg.Rd:27-29: Lost braces 27 | \env{interval}{ | ^ checkRd: (-1) summary.sparsereg.Rd:31-33: Lost braces 31 | \env{ci}{ | ^ checkRd: (-1) summary.sparsereg.Rd:35-37: Lost braces 35 | \env{order}{ | ^ checkRd: (-1) summary.sparsereg.Rd:39-41: Lost braces 39 | \env{normal}{ | ^ checkRd: (-1) summary.sparsereg.Rd:43-45: Lost braces 43 | \env{select}{ | ^ checkRd: (-1) summary.sparsereg.Rd:47-48: Lost braces 47 | \env{printit}{ | ^ checkRd: (-1) summary.sparsereg.Rd:50-52: Lost braces 50 | \env{stage}{ | ^ Flavors: r-devel-linux-x86_64-debian-clang, r-devel-linux-x86_64-debian-gcc, r-devel-linux-x86_64-fedora-clang, r-devel-linux-x86_64-fedora-gcc, r-devel-windows-x86_64, r-patched-linux-x86_64

Version: 1.2
Check: compiled code
Result: NOTE File ‘sparsereg/libs/sparsereg.so’: Found no calls to: ‘R_registerRoutines’, ‘R_useDynamicSymbols’ It is good practice to register native routines and to disable symbol search. See ‘Writing portable packages’ in the ‘Writing R Extensions’ manual. Flavors: r-devel-linux-x86_64-fedora-clang, r-devel-linux-x86_64-fedora-gcc