Last updated on 2023-05-28 23:14:11 CEST.
Flavor | Version | Tinstall | Tcheck | Ttotal | Status | Flags |
---|---|---|---|---|---|---|
r-devel-linux-x86_64-debian-clang | 1.2 | 78.79 | 128.59 | 207.38 | OK | |
r-devel-linux-x86_64-debian-gcc | 1.2 | 60.98 | 95.38 | 156.36 | OK | |
r-devel-linux-x86_64-fedora-clang | 1.2 | 284.10 | NOTE | |||
r-devel-linux-x86_64-fedora-gcc | 1.2 | 274.08 | NOTE | |||
r-devel-windows-x86_64 | 1.2 | 65.00 | 126.00 | 191.00 | OK | |
r-patched-linux-x86_64 | 1.2 | 68.58 | 119.86 | 188.44 | OK | |
r-release-linux-x86_64 | 1.2 | 66.53 | 119.82 | 186.35 | OK | |
r-release-macos-arm64 | 1.2 | 73.00 | OK | |||
r-release-macos-x86_64 | 1.2 | 125.00 | OK | |||
r-release-windows-x86_64 | 1.2 | 82.00 | 150.00 | 232.00 | OK | |
r-oldrel-macos-arm64 | 1.2 | 67.00 | OK | |||
r-oldrel-macos-x86_64 | 1.2 | 129.00 | OK | |||
r-oldrel-windows-x86_64 | 1.2 | 76.00 | 148.00 | 224.00 | OK |
Version: 1.2
Check: compiled code
Result: NOTE
File ‘sparsereg/libs/sparsereg.so’:
Found no calls to: ‘R_registerRoutines’, ‘R_useDynamicSymbols’
It is good practice to register native routines and to disable symbol
search.
See ‘Writing portable packages’ in the ‘Writing R Extensions’ manual.
Flavors: r-devel-linux-x86_64-fedora-clang, r-devel-linux-x86_64-fedora-gcc