Last updated on 2024-04-19 08:54:56 CEST.
Flavor | Version | Tinstall | Tcheck | Ttotal | Status | Flags |
---|---|---|---|---|---|---|
r-devel-linux-x86_64-debian-clang | 0.7.1 | 54.75 | 392.22 | 446.97 | OK | |
r-devel-linux-x86_64-debian-gcc | 0.7.1 | OK | ||||
r-devel-linux-x86_64-fedora-clang | 0.7.1 | 544.11 | NOTE | |||
r-devel-linux-x86_64-fedora-gcc | 0.7.1 | 525.05 | NOTE | |||
r-prerel-macos-arm64 | 0.7.1 | 149.00 | NOTE | |||
r-prerel-macos-x86_64 | 0.7.1 | 267.00 | NOTE | |||
r-prerel-windows-x86_64 | 0.7.1 | 50.00 | 249.00 | 299.00 | NOTE | |
r-patched-linux-x86_64 | 0.7.1 | 42.51 | 365.34 | 407.85 | OK | |
r-release-linux-x86_64 | 0.7.1 | 41.65 | 369.94 | 411.59 | OK | |
r-release-macos-arm64 | 0.7.1 | 129.00 | NOTE | |||
r-release-macos-x86_64 | 0.7.1 | 281.00 | NOTE | |||
r-release-windows-x86_64 | 0.7.1 | 67.00 | 345.00 | 412.00 | NOTE | |
r-oldrel-macos-arm64 | 0.7.1 | 122.00 | NOTE | |||
r-oldrel-windows-x86_64 | 0.7.1 | 64.00 | 334.00 | 398.00 | NOTE |
Version: 0.7.1
Check: data for non-ASCII characters
Result: NOTE
Note: found 283 marked UTF-8 strings
Flavors: r-devel-linux-x86_64-fedora-clang, r-devel-linux-x86_64-fedora-gcc
Version: 0.7.1
Check: installed package size
Result: NOTE
installed size is 5.6Mb
sub-directories of 1Mb or more:
data 2.6Mb
help 1.7Mb
libs 1.2Mb
Flavors: r-prerel-macos-arm64, r-prerel-macos-x86_64, r-prerel-windows-x86_64, r-release-macos-arm64, r-release-macos-x86_64, r-release-windows-x86_64, r-oldrel-macos-arm64, r-oldrel-windows-x86_64