Last updated on 2024-04-25 08:00:08 CEST.
Flavor | Version | Tinstall | Tcheck | Ttotal | Status | Flags |
---|---|---|---|---|---|---|
r-devel-linux-x86_64-debian-clang | 0.5.1 | 47.45 | 643.90 | 691.35 | NOTE | |
r-devel-linux-x86_64-debian-gcc | 0.5.1 | 35.80 | 458.66 | 494.46 | NOTE | |
r-devel-linux-x86_64-fedora-clang | 0.5.1 | 1183.31 | NOTE | |||
r-devel-linux-x86_64-fedora-gcc | 0.5.1 | 885.41 | NOTE | |||
r-devel-windows-x86_64 | 0.5.1 | 45.00 | 398.00 | 443.00 | OK | |
r-patched-linux-x86_64 | 0.5.1 | 45.43 | 636.69 | 682.12 | OK | |
r-release-linux-x86_64 | 0.5.1 | 32.81 | 619.49 | 652.30 | OK | |
r-release-macos-arm64 | 0.5.1 | 179.00 | OK | |||
r-release-windows-x86_64 | 0.5.1 | 47.00 | 397.00 | 444.00 | OK | |
r-oldrel-macos-arm64 | 0.5.1 | 171.00 | OK | |||
r-oldrel-macos-x86_64 | 0.5.1 | 440.00 | OK | |||
r-oldrel-windows-x86_64 | 0.5.1 | 60.00 | 539.00 | 599.00 | OK |
Version: 0.5.1
Check: compiled code
Result: NOTE
File ‘spatialsample/libs/spatialsample.so’:
Found non-API calls to R: ‘SETLENGTH’, ‘SET_TRUELENGTH’
Compiled code should not call non-API entry points in R.
See ‘Writing portable packages’ in the ‘Writing R Extensions’ manual.
Flavors: r-devel-linux-x86_64-debian-clang, r-devel-linux-x86_64-debian-gcc, r-devel-linux-x86_64-fedora-clang, r-devel-linux-x86_64-fedora-gcc