CRAN Package Check Results for Package spatialsample

Last updated on 2021-10-28 08:50:10 CEST.

Flavor Version Tinstall Tcheck Ttotal Status Flags
r-devel-linux-x86_64-debian-clang 0.1.0 4.63 54.69 59.32 NOTE
r-devel-linux-x86_64-debian-gcc 0.1.0 3.81 41.74 45.55 NOTE
r-devel-linux-x86_64-fedora-clang 0.1.0 80.46 NOTE
r-devel-linux-x86_64-fedora-gcc 0.1.0 69.94 NOTE
r-devel-windows-x86_64 0.1.0 9.00 60.00 69.00 NOTE
r-devel-windows-x86_64-gcc10-UCRT 0.1.0 NOTE
r-patched-linux-x86_64 0.1.0 4.57 50.86 55.43 NOTE
r-patched-solaris-x86 0.1.0 100.60 NOTE
r-release-linux-x86_64 0.1.0 4.26 50.99 55.25 NOTE
r-release-macos-arm64 0.1.0 NOTE
r-release-macos-x86_64 0.1.0 NOTE
r-release-windows-ix86+x86_64 0.1.0 9.00 80.00 89.00 NOTE
r-oldrel-macos-x86_64 0.1.0 OK
r-oldrel-windows-ix86+x86_64 0.1.0 11.00 67.00 78.00 OK

Check Details

Version: 0.1.0
Check: LazyData
Result: NOTE
     'LazyData' is specified without a 'data' directory
Flavors: r-devel-linux-x86_64-debian-clang, r-devel-linux-x86_64-debian-gcc, r-devel-linux-x86_64-fedora-clang, r-devel-linux-x86_64-fedora-gcc, r-devel-windows-x86_64, r-devel-windows-x86_64-gcc10-UCRT, r-patched-linux-x86_64, r-patched-solaris-x86, r-release-linux-x86_64, r-release-macos-arm64, r-release-macos-x86_64, r-release-windows-ix86+x86_64