Last updated on 2024-07-18 00:55:07 CEST.
Flavor | Version | Tinstall | Tcheck | Ttotal | Status | Flags |
---|---|---|---|---|---|---|
r-devel-linux-x86_64-debian-clang | 3.2-9 | 69.35 | 430.72 | 500.07 | OK | |
r-devel-linux-x86_64-debian-gcc | 3.3-2 | 53.02 | 295.80 | 348.82 | OK | |
r-devel-linux-x86_64-fedora-clang | 3.3-2 | 591.86 | OK | |||
r-devel-linux-x86_64-fedora-gcc | 3.3-2 | 603.32 | OK | |||
r-devel-windows-x86_64 | 3.2-9 | 79.00 | 438.00 | 517.00 | NOTE | |
r-patched-linux-x86_64 | 3.2-9 | 88.46 | 406.69 | 495.15 | OK | |
r-release-linux-x86_64 | 3.2-9 | 70.03 | 409.40 | 479.43 | OK | |
r-release-macos-arm64 | 3.3-2 | 144.00 | NOTE | |||
r-release-macos-x86_64 | 3.3-2 | 406.00 | NOTE | |||
r-release-windows-x86_64 | 3.3-2 | 81.00 | 391.00 | 472.00 | OK | |
r-oldrel-macos-arm64 | 3.3-2 | 148.00 | NOTE | |||
r-oldrel-macos-x86_64 | 3.3-2 | 337.00 | NOTE | |||
r-oldrel-windows-x86_64 | 3.2-9 | 95.00 | 530.00 | 625.00 | OK |
Version: 3.2-9
Check: Rd cross-references
Result: NOTE
Found the following Rd file(s) with Rd \link{} targets missing package
anchors:
plot.texturemap.Rd: axis.default
Please provide package anchors for all Rd \link{} targets not in the
package itself and the base packages.
Flavor: r-devel-windows-x86_64
Version: 3.3-2
Check: installed package size
Result: NOTE
installed size is 5.1Mb
sub-directories of 1Mb or more:
R 2.0Mb
help 1.9Mb
Flavors: r-release-macos-arm64, r-release-macos-x86_64, r-oldrel-macos-arm64, r-oldrel-macos-x86_64