Last updated on 2023-11-28 08:56:41 CET.
Flavor | Version | Tinstall | Tcheck | Ttotal | Status | Flags |
---|---|---|---|---|---|---|
r-devel-linux-x86_64-debian-clang | 3.2-1 | 40.65 | 175.39 | 216.04 | OK | |
r-devel-linux-x86_64-debian-gcc | 3.2-1 | 34.68 | 130.05 | 164.73 | OK | |
r-devel-linux-x86_64-fedora-clang | 3.2-1 | 272.05 | WARN | |||
r-devel-linux-x86_64-fedora-gcc | 3.2-1 | 264.89 | OK | |||
r-devel-windows-x86_64 | 3.2-1 | 44.00 | 175.00 | 219.00 | OK | |
r-patched-linux-x86_64 | 3.2-1 | 48.04 | 173.32 | 221.36 | OK | |
r-release-linux-x86_64 | 3.2-1 | 38.33 | 171.58 | 209.91 | OK | |
r-release-macos-arm64 | 3.2-1 | 82.00 | OK | |||
r-release-macos-x86_64 | 3.2-1 | 181.00 | OK | |||
r-release-windows-x86_64 | 3.2-1 | 54.00 | 216.00 | 270.00 | OK | |
r-oldrel-macos-arm64 | 3.2-1 | 79.00 | OK | |||
r-oldrel-macos-x86_64 | 3.2-1 | 105.00 | OK | |||
r-oldrel-windows-x86_64 | 3.2-1 | 55.00 | 194.00 | 249.00 | OK |
Version: 3.2-1
Check: whether package can be installed
Result: WARN
Found the following significant warnings:
fexitc.c:15:11: warning: format string is not a string literal (potentially insecure) [-Wformat-security]
See ‘/data/gannet/ripley/R/packages/tests-clang/spatstat.random.Rcheck/00install.out’ for details.
* used C compiler: ‘clang version 17.0.5’
* used C++ compiler: ‘clang version 17.0.5’
Flavor: r-devel-linux-x86_64-fedora-clang