Last updated on 2024-07-18 00:55:07 CEST.
Flavor | Version | Tinstall | Tcheck | Ttotal | Status | Flags |
---|---|---|---|---|---|---|
r-devel-linux-x86_64-debian-clang | 3.2-3 | 39.01 | 176.28 | 215.29 | OK | |
r-devel-linux-x86_64-debian-gcc | 3.3-1 | 33.54 | 124.73 | 158.27 | OK | |
r-devel-linux-x86_64-fedora-clang | 3.3-1 | 257.18 | OK | |||
r-devel-linux-x86_64-fedora-gcc | 3.3-1 | 272.35 | OK | |||
r-devel-windows-x86_64 | 3.2-3 | 45.00 | 174.00 | 219.00 | NOTE | |
r-patched-linux-x86_64 | 3.2-3 | 48.55 | 166.46 | 215.01 | OK | |
r-release-linux-x86_64 | 3.2-3 | 40.51 | 164.47 | 204.98 | OK | |
r-release-macos-arm64 | 3.3-1 | 81.00 | OK | |||
r-release-macos-x86_64 | 3.3-1 | 193.00 | OK | |||
r-release-windows-x86_64 | 3.3-1 | 40.00 | 168.00 | 208.00 | OK | |
r-oldrel-macos-arm64 | 3.3-1 | 77.00 | OK | |||
r-oldrel-macos-x86_64 | 3.3-1 | 144.00 | OK | |||
r-oldrel-windows-x86_64 | 3.2-3 | 54.00 | 204.00 | 258.00 | OK |
Version: 3.2-3
Check: Rd cross-references
Result: NOTE
Found the following Rd file(s) with Rd \link{} targets missing package
anchors:
Window.rmhmodel.Rd: Window, owin.object, Window.ppp, Window.psp
as.owin.rmhmodel.Rd: owin.object, layered, owin
domain.rmhmodel.Rd: Window, Frame
expand.owin.Rd: shift, affine, rotate
is.stationary.Rd: is.marked
rGaussPoisson.Rd: as.owin
rMaternI.Rd: as.owin
rMaternII.Rd: as.owin
rPoissonCluster.Rd: as.owin, im.object, as.rectangle
rSSI.Rd: as.owin
rStrauss.Rd: Strauss
rcell.Rd: rsyst
rclusterBKBC.Rd: spatstat.options
rlabel.Rd: cut.ppp, marks<-
rmh.default.Rd: as.owin, as.ppp, ppp.object, summary.ppp, ppp
rmhcontrol.Rd: spatstat.options
rmhexpand.Rd: dilation.owin
rmhmodel.default.Rd: im.object, as.owin
rmhstart.Rd: as.ppp
rmpoint.Rd: im.object, ppp.object, owin.object
rmpoispp.Rd: as.owin, im.object, ppp.object, owin.object
rnoise.Rd: as.im
rpoint.Rd: im.object, spatstat.options, ppp.object, owin.object
rpoisline.Rd: as.owin, psp
rpoislinetess.Rd: as.owin
rpoispp.Rd: as.owin, im.object, rescue.rectangle, ppp.object,
owin.object
rpoispp3.Rd: pp3, box3
rpoisppOnLines.Rd: psp, ppp
rpoisppx.Rd: ppx, boxx
rshift.Rd: split.ppp
rshift.ppp.Rd: erosion
rshift.splitppp.Rd: split.ppp
rstrat.Rd: owin, as.owin, quadscheme, rsyst
rthinclumps.Rd: connected.im, connected.owin
runifdisc.Rd: disc, affine
runifpoint.Rd: as.owin, spatstat.options, tess, ppp.object,
owin.object
runifpoint3.Rd: pp3, box3
runifpointOnLines.Rd: psp, ppp, pointsOnLines
runifpointx.Rd: ppx, boxx
Please provide package anchors for all Rd \link{} targets not in the
package itself and the base packages.
Flavor: r-devel-windows-x86_64