Last updated on 2024-03-29 15:54:52 CET.
Flavor | Version | Tinstall | Tcheck | Ttotal | Status | Flags |
---|---|---|---|---|---|---|
r-devel-linux-x86_64-debian-clang | 1.3-3 | 30.79 | 256.59 | 287.38 | OK | |
r-devel-linux-x86_64-debian-gcc | 1.3-3 | 20.69 | 190.76 | 211.45 | OK | |
r-devel-linux-x86_64-fedora-clang | 1.3-3 | 366.44 | NOTE | |||
r-devel-linux-x86_64-fedora-gcc | 1.3-3 | 386.91 | OK | |||
r-devel-windows-x86_64 | 1.3-3 | 32.00 | 231.00 | 263.00 | NOTE | |
r-patched-linux-x86_64 | 1.3-3 | 27.61 | 250.36 | 277.97 | OK | |
r-release-linux-x86_64 | 1.3-3 | 23.51 | 263.19 | 286.70 | OK | |
r-release-macos-arm64 | 1.3-3 | 168.00 | NOTE | |||
r-release-macos-x86_64 | 1.3-3 | 257.00 | NOTE | |||
r-release-windows-x86_64 | 1.3-3 | 37.00 | 301.00 | 338.00 | NOTE | |
r-oldrel-macos-arm64 | 1.3-3 | 145.00 | NOTE | |||
r-oldrel-windows-x86_64 | 1.3-3 | 42.00 | 318.00 | 360.00 | NOTE |
Version: 1.3-3
Check: installed package size
Result: NOTE
installed size is 8.2Mb
sub-directories of 1Mb or more:
doc 5.3Mb
etc 1.4Mb
Flavors: r-devel-linux-x86_64-fedora-clang, r-devel-windows-x86_64, r-release-macos-arm64, r-release-macos-x86_64, r-release-windows-x86_64, r-oldrel-macos-arm64, r-oldrel-windows-x86_64