CRAN Package Check Results for Package spemd

Last updated on 2023-09-24 00:56:54 CEST.

Flavor Version Tinstall Tcheck Ttotal Status Flags
r-devel-linux-x86_64-debian-clang 0.1-1 4.64 71.16 75.80 NOTE
r-devel-linux-x86_64-debian-gcc 0.1-1 5.10 53.29 58.39 NOTE
r-devel-linux-x86_64-fedora-clang 0.1-1 91.48 NOTE
r-devel-linux-x86_64-fedora-gcc 0.1-1 98.49 NOTE
r-devel-windows-x86_64 0.1-1 7.00 66.00 73.00 NOTE
r-patched-linux-x86_64 0.1-1 4.52 68.07 72.59 NOTE
r-release-linux-x86_64 0.1-1 6.31 66.87 73.18 NOTE
r-release-macos-arm64 0.1-1 34.00 NOTE
r-release-macos-x86_64 0.1-1 49.00 NOTE
r-release-windows-x86_64 0.1-1 9.00 79.00 88.00 NOTE
r-oldrel-macos-arm64 0.1-1 90.00 NOTE
r-oldrel-macos-x86_64 0.1-1 112.00 NOTE
r-oldrel-windows-x86_64 0.1-1 10.00 78.00 88.00 NOTE

Check Details

Version: 0.1-1
Check: LazyData
Result: NOTE
     'LazyData' is specified without a 'data' directory
Flavors: r-devel-linux-x86_64-debian-clang, r-devel-linux-x86_64-debian-gcc, r-devel-linux-x86_64-fedora-clang, r-devel-linux-x86_64-fedora-gcc, r-devel-windows-x86_64, r-patched-linux-x86_64, r-release-linux-x86_64, r-release-macos-arm64, r-release-macos-x86_64, r-release-windows-x86_64, r-oldrel-macos-arm64, r-oldrel-macos-x86_64, r-oldrel-windows-x86_64

Version: 0.1-1
Check: for non-standard things in the check directory
Result: NOTE
    Found the following files/directories:
     ‘.neig’
Flavors: r-devel-linux-x86_64-debian-clang, r-devel-linux-x86_64-debian-gcc, r-devel-linux-x86_64-fedora-clang, r-devel-linux-x86_64-fedora-gcc, r-patched-linux-x86_64, r-release-linux-x86_64