Last updated on 2023-12-09 08:49:58 CET.
Flavor | Version | Tinstall | Tcheck | Ttotal | Status | Flags |
---|---|---|---|---|---|---|
r-devel-linux-x86_64-debian-clang | 1.0 | 168.90 | 31.75 | 200.65 | OK | |
r-devel-linux-x86_64-debian-gcc | 1.0 | 105.80 | 24.73 | 130.53 | OK | |
r-devel-linux-x86_64-fedora-clang | 1.0 | 288.90 | OK | |||
r-devel-linux-x86_64-fedora-gcc | 1.0 | 292.01 | OK | |||
r-devel-windows-x86_64 | 1.0 | 115.00 | 73.00 | 188.00 | OK | |
r-patched-linux-x86_64 | 1.0 | 131.10 | 31.60 | 162.70 | OK | |
r-release-linux-x86_64 | 1.0 | 124.34 | 30.76 | 155.10 | OK | |
r-release-macos-arm64 | 1.0 | 63.00 | NOTE | |||
r-release-macos-x86_64 | 1.0 | 71.00 | NOTE | |||
r-release-windows-x86_64 | 1.0 | 148.00 | 78.00 | 226.00 | OK | |
r-oldrel-macos-arm64 | 1.0 | 65.00 | NOTE | |||
r-oldrel-macos-x86_64 | 1.0 | 82.00 | NOTE | |||
r-oldrel-windows-x86_64 | 1.0 | 142.00 | 73.00 | 215.00 | OK |
Version: 1.0
Check: installed package size
Result: NOTE
installed size is 7.4Mb
sub-directories of 1Mb or more:
libs 7.1Mb
Flavors: r-release-macos-arm64, r-release-macos-x86_64, r-oldrel-macos-arm64, r-oldrel-macos-x86_64