Last updated on 2023-09-23 16:54:14 CEST.
Flavor | Version | Tinstall | Tcheck | Ttotal | Status | Flags |
---|---|---|---|---|---|---|
r-devel-linux-x86_64-debian-clang | 2.0 | 21.25 | 203.71 | 224.96 | OK | |
r-devel-linux-x86_64-debian-gcc | 2.0 | 17.86 | 150.69 | 168.55 | OK | |
r-devel-linux-x86_64-fedora-clang | 2.0 | 285.00 | NOTE | |||
r-devel-linux-x86_64-fedora-gcc | 2.0 | 285.78 | NOTE | |||
r-devel-windows-x86_64 | 2.0 | 18.00 | 180.00 | 198.00 | OK | |
r-patched-linux-x86_64 | 2.0 | 20.29 | 198.57 | 218.86 | OK | |
r-release-linux-x86_64 | 2.0 | 21.27 | 195.95 | 217.22 | OK | |
r-release-macos-arm64 | 2.0 | 88.00 | OK | |||
r-release-macos-x86_64 | 2.0 | 153.00 | OK | |||
r-release-windows-x86_64 | 2.0 | 26.00 | 218.00 | 244.00 | OK | |
r-oldrel-macos-arm64 | 2.0 | 132.00 | NOTE | |||
r-oldrel-macos-x86_64 | 2.0 | 192.00 | NOTE | |||
r-oldrel-windows-x86_64 | 2.0 | 25.00 | 203.00 | 228.00 | OK |
Version: 2.0
Check: dependencies in R code
Result: NOTE
Namespaces in Imports field not imported from:
‘sf’ ‘spData’
All declared Imports should be used.
Flavors: r-devel-linux-x86_64-fedora-clang, r-devel-linux-x86_64-fedora-gcc, r-oldrel-macos-arm64, r-oldrel-macos-x86_64