Last updated on 2024-03-28 23:55:21 CET.
Flavor | Version | Tinstall | Tcheck | Ttotal | Status | Flags |
---|---|---|---|---|---|---|
r-devel-linux-x86_64-debian-clang | 1.0.6 | 11.25 | 114.77 | 126.02 | NOTE | |
r-devel-linux-x86_64-debian-gcc | 1.0.6 | 7.80 | 88.50 | 96.30 | NOTE | |
r-devel-linux-x86_64-fedora-clang | 1.0.6 | 149.30 | NOTE | |||
r-devel-linux-x86_64-fedora-gcc | 1.0.6 | 159.71 | NOTE | |||
r-devel-windows-x86_64 | 1.0.6 | 9.00 | 116.00 | 125.00 | NOTE | |
r-patched-linux-x86_64 | 1.0.6 | 10.64 | 113.79 | 124.43 | NOTE | |
r-release-linux-x86_64 | 1.0.6 | 9.39 | 113.45 | 122.84 | OK | |
r-release-macos-arm64 | 1.0.6 | 53.00 | OK | |||
r-release-macos-x86_64 | 1.0.6 | 83.00 | OK | |||
r-release-windows-x86_64 | 1.0.6 | 11.00 | 140.00 | 151.00 | OK | |
r-oldrel-macos-arm64 | 1.0.6 | 45.00 | OK | |||
r-oldrel-windows-x86_64 | 1.0.6 | 14.00 | 141.00 | 155.00 | OK |
Version: 1.0.6
Check: Rd files
Result: NOTE
checkRd: (-1) cartesian_to_xy.Rd:21: Lost braces; missing escapes or markup?
21 | in the polar coordinate system, r_k and r_{k+1} are the radius of the two loops at theta + 2*pi*a and theta + 2*pi*(a+1) that below and above the data point,
| ^
Flavors: r-devel-linux-x86_64-debian-clang, r-devel-linux-x86_64-debian-gcc, r-devel-linux-x86_64-fedora-clang, r-devel-linux-x86_64-fedora-gcc, r-devel-windows-x86_64, r-patched-linux-x86_64