Last updated on 2024-03-28 15:50:02 CET.
Flavor | Version | Tinstall | Tcheck | Ttotal | Status | Flags |
---|---|---|---|---|---|---|
r-devel-linux-x86_64-debian-clang | 0.8.2 | 33.72 | 185.22 | 218.94 | NOTE | |
r-devel-linux-x86_64-debian-gcc | 0.8.2 | 26.26 | 135.21 | 161.47 | NOTE | |
r-devel-linux-x86_64-fedora-clang | 0.8.2 | 290.28 | NOTE | |||
r-devel-linux-x86_64-fedora-gcc | 0.8.2 | 285.66 | NOTE | |||
r-devel-windows-x86_64 | 0.8.2 | 28.00 | 161.00 | 189.00 | NOTE | |
r-patched-linux-x86_64 | 0.8.2 | 31.87 | 177.57 | 209.44 | NOTE | |
r-release-linux-x86_64 | 0.8.2 | 22.68 | 179.10 | 201.78 | OK | |
r-release-macos-arm64 | 0.8.2 | 83.00 | OK | |||
r-release-macos-x86_64 | 0.8.2 | 142.00 | OK | |||
r-release-windows-x86_64 | 0.8.2 | 36.00 | 207.00 | 243.00 | OK | |
r-oldrel-macos-arm64 | 0.8.2 | 80.00 | OK | |||
r-oldrel-windows-x86_64 | 0.8.2 | 36.00 | 205.00 | 241.00 | OK |
Version: 0.8.2
Check: Rd files
Result: NOTE
checkRd: (-1) speedtestdata.Rd:18: Lost braces in \itemize; meant \describe ?
checkRd: (-1) speedtestdata.Rd:19: Lost braces in \itemize; meant \describe ?
checkRd: (-1) speedtestdata.Rd:20: Lost braces in \itemize; meant \describe ?
checkRd: (-1) speedtestdata.Rd:21: Lost braces in \itemize; meant \describe ?
checkRd: (-1) speedtestdata.Rd:22: Lost braces in \itemize; meant \describe ?
checkRd: (-1) speedtestdata.Rd:23: Lost braces in \itemize; meant \describe ?
Flavors: r-devel-linux-x86_64-debian-clang, r-devel-linux-x86_64-debian-gcc, r-devel-linux-x86_64-fedora-clang, r-devel-linux-x86_64-fedora-gcc, r-devel-windows-x86_64, r-patched-linux-x86_64