CRAN Package Check Results for Package sport

Last updated on 2021-10-26 04:27:30 CEST.

Flavor Version Tinstall Tcheck Ttotal Status Flags
r-devel-linux-x86_64-debian-clang 0.2.0 29.27 100.87 130.14 OK
r-devel-linux-x86_64-debian-gcc 0.2.0 20.91 72.81 93.72 OK
r-devel-linux-x86_64-fedora-clang 0.2.0 171.30 NOTE
r-devel-linux-x86_64-fedora-gcc 0.2.0 157.17 NOTE
r-devel-windows-x86_64 0.2.0 38.00 104.00 142.00 OK
r-devel-windows-x86_64-gcc10-UCRT 0.2.0 NOTE
r-patched-linux-x86_64 0.2.0 25.73 95.28 121.01 OK
r-patched-solaris-x86 0.2.0 178.70 NOTE
r-release-linux-x86_64 0.2.0 25.65 94.51 120.16 OK
r-release-macos-arm64 0.2.0 NOTE
r-release-macos-x86_64 0.2.0 NOTE
r-release-windows-ix86+x86_64 0.2.0 50.00 200.00 250.00 OK
r-oldrel-macos-x86_64 0.2.0 NOTE
r-oldrel-windows-ix86+x86_64 0.2.0 70.00 200.00 270.00 OK

Check Details

Version: 0.2.0
Check: data for non-ASCII characters
Result: NOTE
     Note: found 7587 marked UTF-8 strings
Flavors: r-devel-linux-x86_64-fedora-clang, r-devel-linux-x86_64-fedora-gcc, r-devel-windows-x86_64-gcc10-UCRT, r-patched-solaris-x86, r-release-macos-arm64, r-release-macos-x86_64, r-oldrel-macos-x86_64