CRAN Package Check Results for Package spotifyr

Last updated on 2021-10-21 08:51:07 CEST.

Flavor Version Tinstall Tcheck Ttotal Status Flags
r-devel-linux-x86_64-debian-clang 2.2.1 13.08 108.21 121.29 OK
r-devel-linux-x86_64-debian-gcc 2.2.1 11.40 81.09 92.49 ERROR
r-devel-linux-x86_64-fedora-clang 2.2.1 161.23 NOTE
r-devel-linux-x86_64-fedora-gcc 2.2.1 141.67 NOTE
r-devel-windows-x86_64 2.2.1 20.00 113.00 133.00 OK
r-devel-windows-x86_64-gcc10-UCRT 2.2.1 ERROR
r-patched-linux-x86_64 2.2.1 14.27 101.84 116.11 OK
r-patched-solaris-x86 2.2.1 199.80 ERROR
r-release-linux-x86_64 2.2.1 12.52 102.15 114.67 ERROR
r-release-macos-arm64 2.2.1 NOTE
r-release-macos-x86_64 2.2.1 NOTE
r-release-windows-ix86+x86_64 2.2.1 29.00 131.00 160.00 OK
r-oldrel-macos-x86_64 2.2.1 NOTE
r-oldrel-windows-ix86+x86_64 2.2.1 33.00 134.00 167.00 OK

Check Details

Version: 2.2.1
Check: examples
Result: ERROR
    Running examples in ‘spotifyr-Ex.R’ failed
    The error most likely occurred in:
    
    > base::assign(".ptime", proc.time(), pos = "CheckExEnv")
    > ### Name: scopes
    > ### Title: Valid Authorization Scopes
    > ### Aliases: scopes
    >
    > ### ** Examples
    >
    > scopes()
    Error in open.connection(x, "rb") : HTTP error 404.
    Calls: scopes ... xml_text -> <Anonymous> -> <Anonymous> -> read_html.default
    Execution halted
Flavors: r-devel-linux-x86_64-debian-gcc, r-release-linux-x86_64

Version: 2.2.1
Check: dependencies in R code
Result: NOTE
    Namespace in Imports field not imported from: ‘ggridges’
     All declared Imports should be used.
Flavors: r-devel-linux-x86_64-fedora-clang, r-devel-linux-x86_64-fedora-gcc, r-devel-windows-x86_64-gcc10-UCRT, r-patched-solaris-x86, r-release-macos-arm64, r-release-macos-x86_64, r-oldrel-macos-x86_64

Version: 2.2.1
Check: examples
Result: ERROR
    Running examples in 'spotifyr-Ex.R' failed
    The error most likely occurred in:
    
    > ### Name: scopes
    > ### Title: Valid Authorization Scopes
    > ### Aliases: scopes
    >
    > ### ** Examples
    >
    > scopes()
    Error in open.connection(x, "rb") : HTTP error 404.
    Calls: scopes ... xml_text -> <Anonymous> -> <Anonymous> -> read_html.default
    Execution halted
Flavor: r-devel-windows-x86_64-gcc10-UCRT

Version: 2.2.1
Check: examples
Result: ERROR
    Running examples in ‘spotifyr-Ex.R’ failed
    The error most likely occurred in:
    
    > ### Name: scopes
    > ### Title: Valid Authorization Scopes
    > ### Aliases: scopes
    >
    > ### ** Examples
    >
    > scopes()
    Error in open.connection(x, "rb") :
     SSL certificate problem: certificate has expired
    Calls: scopes ... xml_text -> <Anonymous> -> <Anonymous> -> read_html.default
    Execution halted
Flavor: r-patched-solaris-x86