Last updated on 2023-06-05 16:55:08 CEST.
Flavor | Version | Tinstall | Tcheck | Ttotal | Status | Flags |
---|---|---|---|---|---|---|
r-devel-linux-x86_64-debian-clang | 0.1.2 | 21.97 | 395.38 | 417.35 | OK | |
r-devel-linux-x86_64-debian-gcc | 0.1.2 | 17.78 | 285.74 | 303.52 | OK | |
r-devel-linux-x86_64-fedora-clang | 0.1.2 | 553.02 | NOTE | |||
r-devel-linux-x86_64-fedora-gcc | 0.1.2 | 509.71 | NOTE | |||
r-devel-windows-x86_64 | 0.1.2 | 20.00 | 347.00 | 367.00 | OK | |
r-patched-linux-x86_64 | 0.1.2 | 25.20 | 364.73 | 389.93 | OK | |
r-release-linux-x86_64 | 0.1.2 | 15.02 | 368.75 | 383.77 | OK | |
r-release-macos-arm64 | 0.1.2 | 164.00 | OK | |||
r-release-macos-x86_64 | 0.1.2 | 261.00 | OK | |||
r-release-windows-x86_64 | 0.1.2 | 26.00 | 397.00 | 423.00 | OK | |
r-oldrel-macos-arm64 | 0.1.2 | 216.00 | NOTE | |||
r-oldrel-macos-x86_64 | 0.1.2 | 333.00 | NOTE | |||
r-oldrel-windows-x86_64 | 0.1.2 | 25.00 | 402.00 | 427.00 | OK |
Version: 0.1.2
Check: dependencies in R code
Result: NOTE
Namespaces in Imports field not imported from:
‘lwgeom’ ‘rgeoda’
All declared Imports should be used.
Flavors: r-devel-linux-x86_64-fedora-clang, r-devel-linux-x86_64-fedora-gcc, r-oldrel-macos-arm64, r-oldrel-macos-x86_64
Version: 0.1.2
Check: data for non-ASCII characters
Result: NOTE
Note: found 4 marked UTF-8 strings
Flavors: r-devel-linux-x86_64-fedora-clang, r-devel-linux-x86_64-fedora-gcc, r-oldrel-macos-arm64, r-oldrel-macos-x86_64