Last updated on 2023-06-09 16:57:08 CEST.
Flavor | Version | Tinstall | Tcheck | Ttotal | Status | Flags |
---|---|---|---|---|---|---|
r-devel-linux-x86_64-debian-clang | 0.2.0 | 20.57 | 49.80 | 70.37 | NOTE | |
r-devel-linux-x86_64-debian-gcc | 0.2.0 | 14.80 | 38.51 | 53.31 | NOTE | |
r-devel-linux-x86_64-fedora-clang | 0.2.0 | 98.01 | NOTE | |||
r-devel-linux-x86_64-fedora-gcc | 0.2.0 | 106.48 | NOTE | |||
r-devel-windows-x86_64 | 0.2.0 | 20.00 | 80.00 | 100.00 | NOTE | |
r-patched-linux-x86_64 | 0.2.0 | 14.53 | 47.47 | 62.00 | NOTE | |
r-release-linux-x86_64 | 0.2.0 | 17.52 | 47.36 | 64.88 | NOTE | |
r-release-macos-arm64 | 0.2.0 | 38.00 | NOTE | |||
r-release-macos-x86_64 | 0.2.0 | 50.00 | NOTE | |||
r-release-windows-x86_64 | 0.2.0 | 23.00 | 95.00 | 118.00 | NOTE | |
r-oldrel-macos-arm64 | 0.2.0 | 32.00 | NOTE | |||
r-oldrel-macos-x86_64 | 0.2.0 | 57.00 | NOTE | |||
r-oldrel-windows-x86_64 | 0.2.0 | 21.00 | 93.00 | 114.00 | OK |
Version: 0.2.0
Check: package subdirectories
Result: NOTE
Problems with news in ‘NEWS.md’:
Cannot extract version info from the following section titles:
updates of 10th May 2021
Flavors: r-devel-linux-x86_64-debian-clang, r-devel-linux-x86_64-debian-gcc, r-devel-linux-x86_64-fedora-clang, r-devel-linux-x86_64-fedora-gcc, r-devel-windows-x86_64, r-patched-linux-x86_64, r-release-linux-x86_64, r-release-macos-arm64, r-release-macos-x86_64, r-release-windows-x86_64
Version: 0.2.0
Check: dependencies in R code
Result: NOTE
Namespaces in Imports field not imported from:
‘extrafont’ ‘ggplot2’
All declared Imports should be used.
Flavors: r-devel-linux-x86_64-fedora-clang, r-devel-linux-x86_64-fedora-gcc, r-oldrel-macos-arm64, r-oldrel-macos-x86_64
Version: 0.2.0
Check: package dependencies
Result: NOTE
Package suggested but not available for checking: ‘ggraph’
Flavor: r-release-macos-x86_64