Last updated on 2024-03-28 23:55:21 CET.
Flavor | Version | Tinstall | Tcheck | Ttotal | Status | Flags |
---|---|---|---|---|---|---|
r-devel-linux-x86_64-debian-clang | 0.9.0 | 38.74 | 84.62 | 123.36 | NOTE | |
r-devel-linux-x86_64-debian-gcc | 0.9.0 | 29.10 | 63.28 | 92.38 | NOTE | |
r-devel-linux-x86_64-fedora-clang | 0.9.0 | 160.06 | NOTE | |||
r-devel-linux-x86_64-fedora-gcc | 0.9.0 | 169.44 | NOTE | |||
r-devel-windows-x86_64 | 0.9.0 | 30.00 | 96.00 | 126.00 | NOTE | |
r-patched-linux-x86_64 | 0.9.0 | 31.87 | 81.51 | 113.38 | NOTE | |
r-release-linux-x86_64 | 0.9.0 | 32.32 | 83.31 | 115.63 | NOTE | |
r-release-macos-arm64 | 0.9.0 | 53.00 | NOTE | |||
r-release-macos-x86_64 | 0.9.0 | 87.00 | NOTE | |||
r-release-windows-x86_64 | 0.9.0 | 38.00 | 122.00 | 160.00 | NOTE | |
r-oldrel-macos-arm64 | 0.9.0 | 46.00 | OK | |||
r-oldrel-windows-x86_64 | 0.9.0 | 36.00 | 117.00 | 153.00 | OK |
Version: 0.9.0
Check: C++ specification
Result: NOTE
Specified C++11: please drop specification unless essential
Flavors: r-devel-linux-x86_64-debian-clang, r-devel-linux-x86_64-debian-gcc, r-devel-linux-x86_64-fedora-clang, r-devel-linux-x86_64-fedora-gcc, r-devel-windows-x86_64, r-patched-linux-x86_64, r-release-linux-x86_64, r-release-macos-arm64, r-release-macos-x86_64, r-release-windows-x86_64