Last updated on 2024-03-27 23:59:58 CET.
Flavor | Version | Tinstall | Tcheck | Ttotal | Status | Flags |
---|---|---|---|---|---|---|
r-devel-linux-x86_64-debian-clang | 5.5.1 | 30.31 | 400.62 | 430.93 | OK | |
r-devel-linux-x86_64-debian-gcc | 5.5.1 | 28.02 | 290.36 | 318.38 | OK | |
r-devel-linux-x86_64-fedora-clang | 5.5.1 | 607.44 | NOTE | |||
r-devel-linux-x86_64-fedora-gcc | 5.5.1 | 591.68 | OK | |||
r-devel-windows-x86_64 | 5.5.1 | 29.00 | 281.00 | 310.00 | NOTE | |
r-patched-linux-x86_64 | 5.5.1 | 36.20 | 407.08 | 443.28 | OK | |
r-release-linux-x86_64 | 5.5.1 | 23.77 | 412.18 | 435.95 | OK | |
r-release-macos-arm64 | 5.5.1 | 139.00 | NOTE | |||
r-release-macos-x86_64 | 5.5.1 | 370.00 | NOTE | |||
r-release-windows-x86_64 | 5.5.1 | 41.00 | 385.00 | 426.00 | NOTE | |
r-oldrel-macos-arm64 | 5.5.1 | 137.00 | NOTE | |||
r-oldrel-windows-x86_64 | 5.5.1 | 43.00 | 376.00 | 419.00 | NOTE |
Version: 5.5.1
Check: installed package size
Result: NOTE
installed size is 7.1Mb
sub-directories of 1Mb or more:
doc 5.5Mb
Flavors: r-devel-linux-x86_64-fedora-clang, r-devel-windows-x86_64, r-release-macos-arm64, r-release-macos-x86_64, r-release-windows-x86_64, r-oldrel-macos-arm64, r-oldrel-windows-x86_64