Last updated on 2024-03-28 23:55:21 CET.
Flavor | Version | Tinstall | Tcheck | Ttotal | Status | Flags |
---|---|---|---|---|---|---|
r-devel-linux-x86_64-debian-clang | 1.4-0 | 29.50 | 494.76 | 524.26 | OK | |
r-devel-linux-x86_64-debian-gcc | 1.4-0 | 28.49 | 354.25 | 382.74 | OK | |
r-devel-linux-x86_64-fedora-clang | 1.4-0 | 617.32 | OK | |||
r-devel-linux-x86_64-fedora-gcc | 1.4-0 | 631.46 | OK | |||
r-devel-windows-x86_64 | 1.4-0 | 27.00 | 292.00 | 319.00 | OK | |
r-patched-linux-x86_64 | 1.4-0 | 34.04 | 477.73 | 511.77 | OK | |
r-release-linux-x86_64 | 1.4-0 | 27.40 | 471.55 | 498.95 | OK | |
r-release-macos-arm64 | 1.4-0 | 167.00 | OK | |||
r-release-macos-x86_64 | 1.4-0 | 339.00 | OK | |||
r-release-windows-x86_64 | 1.4-0 | 38.00 | 403.00 | 441.00 | OK | |
r-oldrel-macos-arm64 | 1.3-2 | 114.00 | NOTE | |||
r-oldrel-windows-x86_64 | 1.3-2 | 36.00 | 412.00 | 448.00 | OK |
Version: 1.3-2
Check: dependencies in R code
Result: NOTE
Namespace in Imports field not imported from: ‘sp’
All declared Imports should be used.
Flavor: r-oldrel-macos-arm64