Last updated on 2023-12-09 08:49:58 CET.
Flavor | Version | Tinstall | Tcheck | Ttotal | Status | Flags |
---|---|---|---|---|---|---|
r-devel-linux-x86_64-debian-clang | 0.1.0 | 1.76 | 25.46 | 27.22 | OK | |
r-devel-linux-x86_64-debian-gcc | 0.1.0 | 1.67 | 19.88 | 21.55 | OK | |
r-devel-linux-x86_64-fedora-clang | 0.1.0 | 35.09 | NOTE | |||
r-devel-linux-x86_64-fedora-gcc | 0.1.0 | 32.77 | NOTE | |||
r-devel-windows-x86_64 | 0.1.0 | 3.00 | 41.00 | 44.00 | OK | |
r-patched-linux-x86_64 | 0.1.0 | 1.35 | 25.52 | 26.87 | OK | |
r-release-linux-x86_64 | 0.1.0 | 1.67 | 24.92 | 26.59 | OK | |
r-release-macos-arm64 | 0.1.0 | 19.00 | OK | |||
r-release-macos-x86_64 | 0.1.0 | 24.00 | OK | |||
r-release-windows-x86_64 | 0.1.0 | 3.00 | 42.00 | 45.00 | OK | |
r-oldrel-macos-arm64 | 0.1.0 | 17.00 | NOTE | |||
r-oldrel-macos-x86_64 | 0.1.0 | 34.00 | NOTE | |||
r-oldrel-windows-x86_64 | 0.1.0 | 4.00 | 51.00 | 55.00 | OK |
Version: 0.1.0
Check: dependencies in R code
Result: NOTE
Namespaces in Imports field not imported from:
‘DBI’ ‘RSQLite’ ‘dbplyr’ ‘dplyr’
All declared Imports should be used.
Flavors: r-devel-linux-x86_64-fedora-clang, r-devel-linux-x86_64-fedora-gcc, r-oldrel-macos-arm64, r-oldrel-macos-x86_64