Last updated on 2023-05-28 23:14:11 CEST.
Flavor | Version | Tinstall | Tcheck | Ttotal | Status | Flags |
---|---|---|---|---|---|---|
r-devel-linux-x86_64-debian-clang | 1.1-1 | 10.85 | 88.64 | 99.49 | OK | |
r-devel-linux-x86_64-debian-gcc | 1.1-1 | 8.58 | 69.88 | 78.46 | OK | |
r-devel-linux-x86_64-fedora-clang | 1.1-1 | 130.46 | OK | |||
r-devel-linux-x86_64-fedora-gcc | 1.1-1 | 119.66 | OK | |||
r-devel-windows-x86_64 | 1.1-1 | 10.00 | 84.00 | 94.00 | OK | |
r-patched-linux-x86_64 | 1.1-1 | 9.48 | 85.07 | 94.55 | OK | |
r-release-linux-x86_64 | 1.1-1 | 7.31 | 85.05 | 92.36 | OK | |
r-release-macos-arm64 | 1.1-1 | 38.00 | OK | |||
r-release-macos-x86_64 | 1.1-1 | 64.00 | NOTE | |||
r-release-windows-x86_64 | 1.1-1 | 13.00 | 101.00 | 114.00 | OK | |
r-oldrel-macos-arm64 | 1.1-1 | 39.00 | OK | |||
r-oldrel-macos-x86_64 | 1.1-1 | 52.00 | OK | |||
r-oldrel-windows-x86_64 | 1.1-1 | 12.00 | 101.00 | 113.00 | OK |
Version: 1.1-1
Check: package dependencies
Result: NOTE
Package suggested but not available for checking: ‘ecpc’
Flavor: r-release-macos-x86_64