Last updated on 2023-05-28 23:14:11 CEST.
Flavor | Version | Tinstall | Tcheck | Ttotal | Status | Flags |
---|---|---|---|---|---|---|
r-devel-linux-x86_64-debian-clang | 1.1.6 | 787.52 | 129.43 | 916.95 | NOTE | |
r-devel-linux-x86_64-debian-gcc | 1.1.6 | 689.68 | 136.74 | 826.42 | NOTE | |
r-devel-linux-x86_64-fedora-clang | 1.1.6 | 1219.52 | NOTE | |||
r-devel-linux-x86_64-fedora-gcc | 1.1.6 | 1521.12 | NOTE | |||
r-devel-windows-x86_64 | 1.1.6 | 550.00 | 186.00 | 736.00 | NOTE | |
r-patched-linux-x86_64 | 1.1.6 | 622.57 | 176.22 | 798.79 | NOTE | |
r-release-linux-x86_64 | 1.1.6 | 558.46 | 176.20 | 734.66 | NOTE | |
r-release-macos-arm64 | 1.1.6 | 359.00 | NOTE | |||
r-release-macos-x86_64 | 1.1.6 | 584.00 | NOTE | |||
r-release-windows-x86_64 | 1.1.6 | 730.00 | 232.00 | 962.00 | NOTE | |
r-oldrel-macos-arm64 | 1.1.6 | 318.00 | NOTE | |||
r-oldrel-macos-x86_64 | 1.1.6 | 399.00 | NOTE | |||
r-oldrel-windows-x86_64 | 1.1.6 | 671.00 | 200.00 | 871.00 | NOTE |
Version: 1.1.6
Check: for GNU extensions in Makefiles
Result: NOTE
GNU make is a SystemRequirements.
Flavors: r-devel-linux-x86_64-debian-clang, r-devel-linux-x86_64-debian-gcc, r-devel-linux-x86_64-fedora-clang, r-devel-linux-x86_64-fedora-gcc, r-devel-windows-x86_64, r-patched-linux-x86_64, r-release-linux-x86_64, r-release-macos-arm64, r-release-macos-x86_64, r-release-windows-x86_64, r-oldrel-macos-arm64, r-oldrel-macos-x86_64, r-oldrel-windows-x86_64
Version: 1.1.6
Check: installed package size
Result: NOTE
installed size is 8.0Mb
sub-directories of 1Mb or more:
libs 7.5Mb
Flavors: r-devel-linux-x86_64-fedora-clang, r-devel-windows-x86_64, r-release-macos-arm64, r-release-macos-x86_64, r-release-windows-x86_64, r-oldrel-macos-arm64, r-oldrel-macos-x86_64, r-oldrel-windows-x86_64