Last updated on 2023-11-28 08:56:41 CET.
Flavor | Version | Tinstall | Tcheck | Ttotal | Status | Flags |
---|---|---|---|---|---|---|
r-devel-linux-x86_64-debian-clang | 1.1.6 | 941.98 | 176.54 | 1118.52 | NOTE | |
r-devel-linux-x86_64-debian-gcc | 1.1.6 | 743.68 | 170.56 | 914.24 | NOTE | |
r-devel-linux-x86_64-fedora-clang | 1.1.6 | 1360.42 | NOTE | |||
r-devel-linux-x86_64-fedora-gcc | 1.1.6 | 1760.91 | NOTE | |||
r-devel-windows-x86_64 | 1.1.6 | 654.00 | 192.00 | 846.00 | NOTE | |
r-patched-linux-x86_64 | 1.1.6 | 747.77 | 220.88 | 968.65 | NOTE | |
r-release-linux-x86_64 | 1.1.6 | 660.42 | 216.16 | 876.58 | NOTE | |
r-release-macos-arm64 | 1.1.6 | 359.00 | NOTE | |||
r-release-macos-x86_64 | 1.1.6 | 584.00 | NOTE | |||
r-release-windows-x86_64 | 1.1.6 | 834.00 | 249.00 | 1083.00 | NOTE | |
r-oldrel-macos-arm64 | 1.1.6 | 318.00 | NOTE | |||
r-oldrel-macos-x86_64 | 1.1.6 | 399.00 | NOTE | |||
r-oldrel-windows-x86_64 | 1.1.6 | 794.00 | 226.00 | 1020.00 | NOTE |
Version: 1.1.6
Check: for GNU extensions in Makefiles
Result: NOTE
GNU make is a SystemRequirements.
Flavors: r-devel-linux-x86_64-debian-clang, r-devel-linux-x86_64-debian-gcc, r-devel-linux-x86_64-fedora-clang, r-devel-linux-x86_64-fedora-gcc, r-devel-windows-x86_64, r-patched-linux-x86_64, r-release-linux-x86_64, r-release-macos-arm64, r-release-macos-x86_64, r-release-windows-x86_64, r-oldrel-macos-arm64, r-oldrel-macos-x86_64, r-oldrel-windows-x86_64
Version: 1.1.6
Check: installed package size
Result: NOTE
installed size is 9.0Mb
sub-directories of 1Mb or more:
libs 8.5Mb
Flavors: r-devel-linux-x86_64-fedora-clang, r-devel-windows-x86_64, r-release-macos-arm64, r-release-macos-x86_64, r-release-windows-x86_64, r-oldrel-macos-arm64, r-oldrel-macos-x86_64, r-oldrel-windows-x86_64