CRAN Package Check Results for Package sscor

Last updated on 2022-07-03 00:52:41 CEST.

Flavor Version Tinstall Tcheck Ttotal Status Flags
r-devel-linux-x86_64-debian-clang 0.2 2.89 28.14 31.03 NOTE
r-devel-linux-x86_64-debian-gcc 0.2 2.40 22.18 24.58 NOTE
r-devel-linux-x86_64-fedora-clang 0.2 48.62 NOTE
r-devel-linux-x86_64-fedora-gcc 0.2 47.25 NOTE
r-devel-windows-x86_64 0.2 13.00 52.00 65.00 NOTE
r-patched-linux-x86_64 0.2 5.44 27.54 32.98 NOTE
r-release-linux-x86_64 0.2 3.18 27.33 30.51 NOTE
r-release-macos-arm64 0.2 19.00 NOTE
r-release-macos-x86_64 0.2 24.00 NOTE
r-release-windows-x86_64 0.2 10.00 55.00 65.00 NOTE
r-oldrel-macos-arm64 0.2 24.00 NOTE
r-oldrel-macos-x86_64 0.2 29.00 NOTE
r-oldrel-windows-ix86+x86_64 0.2 6.00 46.00 52.00 NOTE

Check Details

Version: 0.2
Check: LazyData
Result: NOTE
     'LazyData' is specified without a 'data' directory
Flavors: r-devel-linux-x86_64-debian-clang, r-devel-linux-x86_64-debian-gcc, r-devel-linux-x86_64-fedora-clang, r-devel-linux-x86_64-fedora-gcc, r-devel-windows-x86_64, r-patched-linux-x86_64, r-release-linux-x86_64, r-release-macos-arm64, r-release-macos-x86_64, r-release-windows-x86_64, r-oldrel-macos-arm64, r-oldrel-macos-x86_64, r-oldrel-windows-ix86+x86_64