CRAN Package Check Results for Package ssh

Last updated on 2021-12-02 20:51:45 CET.

Flavor Version Tinstall Tcheck Ttotal Status Flags
r-devel-linux-x86_64-debian-clang 0.8.0 4.76 25.93 30.69 OK
r-devel-linux-x86_64-debian-gcc 0.8.0 3.37 20.86 24.23 OK
r-devel-linux-x86_64-fedora-clang 0.8.0 50.66 OK
r-devel-linux-x86_64-fedora-gcc 0.8.0 39.24 OK
r-devel-windows-x86_64-new-UL 0.8.0 27.00 100.00 127.00 OK
r-devel-windows-x86_64-new-TK 0.8.0 OK
r-devel-windows-x86_64-old 0.8.0 20.00 47.00 67.00 OK
r-patched-linux-x86_64 0.8.0 4.07 25.40 29.47 OK
r-release-linux-x86_64 0.8.0 3.88 24.80 28.68 OK
r-release-macos-arm64 0.8.0 OK
r-release-macos-x86_64 0.8.0 OK
r-release-windows-ix86+x86_64 0.8.0 31.00 77.00 108.00 NOTE
r-oldrel-macos-x86_64 0.8.0 OK
r-oldrel-windows-ix86+x86_64 0.8.0 32.00 74.00 106.00 NOTE

Check Details

Version: 0.8.0
Check: installed package size
Result: NOTE
     installed size is 6.8Mb
     sub-directories of 1Mb or more:
     doc 1.0Mb
     libs 5.6Mb
Flavors: r-release-windows-ix86+x86_64, r-oldrel-windows-ix86+x86_64