Last updated on 2024-03-28 23:55:21 CET.
Flavor | Version | Tinstall | Tcheck | Ttotal | Status | Flags |
---|---|---|---|---|---|---|
r-devel-linux-x86_64-debian-clang | 0.9.1 | 5.23 | 30.43 | 35.66 | OK | |
r-devel-linux-x86_64-debian-gcc | 0.9.1 | 4.44 | 23.81 | 28.25 | OK | |
r-devel-linux-x86_64-fedora-clang | 0.9.1 | 48.38 | OK | |||
r-devel-linux-x86_64-fedora-gcc | 0.9.1 | 59.47 | OK | |||
r-devel-windows-x86_64 | 0.9.1 | 19.00 | 91.00 | 110.00 | NOTE | |
r-patched-linux-x86_64 | 0.9.1 | 4.82 | 28.80 | 33.62 | OK | |
r-release-linux-x86_64 | 0.9.1 | 4.73 | 27.64 | 32.37 | OK | |
r-release-macos-arm64 | 0.9.1 | 32.00 | OK | |||
r-release-macos-x86_64 | 0.9.1 | 62.00 | OK | |||
r-release-windows-x86_64 | 0.9.1 | 25.00 | 146.00 | 171.00 | NOTE | |
r-oldrel-macos-arm64 | 0.9.1 | 30.00 | OK | |||
r-oldrel-windows-x86_64 | 0.9.1 | 22.00 | 87.00 | 109.00 | NOTE |
Version: 0.9.1
Check: installed package size
Result: NOTE
installed size is 5.5Mb
sub-directories of 1Mb or more:
libs 4.6Mb
Flavors: r-devel-windows-x86_64, r-release-windows-x86_64, r-oldrel-windows-x86_64